CRAN Package Check Results for Package NipponMap

Last updated on 2022-11-27 19:51:36 CET.

Flavor Version Tinstall Tcheck Ttotal Status Flags
r-devel-linux-x86_64-debian-clang 0.2 5.98 61.52 67.50 NOTE
r-devel-linux-x86_64-debian-gcc 0.2 5.26 45.71 50.97 NOTE
r-devel-linux-x86_64-fedora-clang 0.2 92.72 NOTE
r-devel-linux-x86_64-fedora-gcc 0.2 91.33 NOTE
r-devel-windows-x86_64 0.2 18.00 89.00 107.00 NOTE
r-patched-linux-x86_64 0.2 5.60 56.28 61.88 NOTE
r-release-linux-x86_64 0.2 5.71 58.21 63.92 NOTE
r-release-macos-arm64 0.2 22.00 NOTE
r-release-macos-x86_64 0.2 35.00 NOTE
r-release-windows-x86_64 0.2 12.00 97.00 109.00 NOTE
r-oldrel-macos-arm64 0.2 34.00 NOTE
r-oldrel-macos-x86_64 0.2 42.00 NOTE
r-oldrel-windows-ix86+x86_64 0.2 16.00 78.00 94.00 OK

Check Details

Version: 0.2
Check: package dependencies
Result: NOTE
    Package which this enhances but not available for checking: 'jpndistrict'
Flavors: r-devel-linux-x86_64-debian-clang, r-devel-linux-x86_64-debian-gcc, r-devel-linux-x86_64-fedora-clang, r-devel-linux-x86_64-fedora-gcc, r-devel-windows-x86_64, r-patched-linux-x86_64, r-release-linux-x86_64, r-release-macos-arm64, r-release-macos-x86_64, r-release-windows-x86_64, r-oldrel-macos-arm64, r-oldrel-macos-x86_64

Version: 0.2
Check: Rd cross-references
Result: NOTE
    Undeclared packages ‘cshapes’, ‘mapdata’ in Rd xrefs
Flavor: r-devel-linux-x86_64-fedora-clang