Last updated on 2024-04-25 20:48:30 CEST.
Flavor | Version | Tinstall | Tcheck | Ttotal | Status | Flags |
---|---|---|---|---|---|---|
r-devel-linux-x86_64-debian-clang | 1.0.10 | 3.06 | 81.43 | 84.49 | NOTE | |
r-devel-linux-x86_64-debian-gcc | 1.0.10 | 2.53 | 58.50 | 61.03 | NOTE | |
r-devel-linux-x86_64-fedora-clang | 1.0.10 | 105.33 | NOTE | |||
r-devel-linux-x86_64-fedora-gcc | 1.0.10 | 109.44 | NOTE | |||
r-devel-windows-x86_64 | 1.0.10 | 5.00 | 82.00 | 87.00 | NOTE | |
r-patched-linux-x86_64 | 1.0.10 | 2.63 | 73.34 | 75.97 | NOTE | |
r-release-linux-x86_64 | 1.0.10 | 3.52 | 72.79 | 76.31 | OK | |
r-release-macos-arm64 | 1.0.10 | 47.00 | NOTE | |||
r-release-windows-x86_64 | 1.0.10 | 6.00 | 85.00 | 91.00 | NOTE | |
r-oldrel-macos-arm64 | 1.0.10 | 49.00 | OK | |||
r-oldrel-macos-x86_64 | 1.0.10 | 72.00 | OK | |||
r-oldrel-windows-x86_64 | 1.0.10 | 4.00 | 88.00 | 92.00 | OK |
Version: 1.0.10
Check: Rd files
Result: NOTE
checkRd: (-1) 03-MixOf3Beta-class.Rd:35: Lost braces; missing escapes or markup?
35 | parameters \code{L} and {M} (in that order).}
| ^
Flavors: r-devel-linux-x86_64-debian-clang, r-devel-linux-x86_64-debian-gcc, r-devel-linux-x86_64-fedora-clang, r-devel-linux-x86_64-fedora-gcc, r-devel-windows-x86_64, r-patched-linux-x86_64, r-release-macos-arm64, r-release-windows-x86_64