Last updated on 2025-05-03 21:51:25 CEST.
Flavor | Version | Tinstall | Tcheck | Ttotal | Status | Flags |
---|---|---|---|---|---|---|
r-devel-linux-x86_64-debian-clang | 1.4.4.1 | 1.86 | 28.43 | 30.29 | NOTE | |
r-devel-linux-x86_64-debian-gcc | 1.4.4.1 | 1.84 | 23.17 | 25.01 | NOTE | |
r-devel-linux-x86_64-fedora-clang | 1.4.4.1 | 48.60 | OK | |||
r-devel-linux-x86_64-fedora-gcc | 1.4.4.1 | 60.19 | OK | |||
r-devel-windows-x86_64 | 1.4.4.1 | 3.00 | 81.00 | 84.00 | OK | |
r-patched-linux-x86_64 | 1.4.4.1 | 2.46 | 27.28 | 29.74 | OK | |
r-release-linux-x86_64 | OK | |||||
r-release-macos-arm64 | 1.4.4.1 | 27.00 | OK | |||
r-release-macos-x86_64 | 1.4.4.1 | 48.00 | OK | |||
r-release-windows-x86_64 | 1.4.4.1 | 4.00 | 69.00 | 73.00 | OK | |
r-oldrel-macos-arm64 | 1.4.4.1 | 25.00 | OK | |||
r-oldrel-macos-x86_64 | 1.4.4.1 | 38.00 | OK | |||
r-oldrel-windows-x86_64 | 1.4.4.1 | 4.00 | 68.00 | 72.00 | OK |
Version: 1.4.4.1
Check: CRAN incoming feasibility
Result: NOTE
Maintainer: ‘Karline Soetaert <karline.soetaert@nioz.nl>’
No Authors@R field in DESCRIPTION.
Please add one, modifying
Authors@R: c(person(given = "Karline",
family = "Soetaert",
role = c("aut", "cre"),
email = "karline.soetaert@nioz.nl"),
person(given = c("Julius", "Kipyegon"),
family = "Kones",
role = "aut",
email = "jkones@uonbi.ac.ke"),
person(given = "Dick",
family = "van Oevelen",
role = "aut",
email = "dick.vanoevelen@nioz.nl"))
as necessary.
Package CITATION file contains call(s) to old-style personList() or
as.personList(). Please use c() on person objects instead.
Package CITATION file contains call(s) to old-style citEntry(). Please
use bibentry() instead.
Flavors: r-devel-linux-x86_64-debian-clang, r-devel-linux-x86_64-debian-gcc