Last updated on 2025-11-19 20:50:00 CET.
| Flavor | Version | Tinstall | Tcheck | Ttotal | Status | Flags |
|---|---|---|---|---|---|---|
| r-devel-linux-x86_64-debian-clang | 1.1.3 | 10.33 | 78.38 | 88.71 | NOTE | |
| r-devel-linux-x86_64-debian-gcc | 1.1.3 | 6.52 | 51.52 | 58.04 | NOTE | |
| r-devel-linux-x86_64-fedora-clang | 1.1.3 | 20.00 | 117.24 | 137.24 | NOTE | |
| r-devel-linux-x86_64-fedora-gcc | 1.1.3 | 19.00 | 108.03 | 127.03 | NOTE | |
| r-devel-windows-x86_64 | 1.1.3 | 12.00 | 90.00 | 102.00 | NOTE | |
| r-patched-linux-x86_64 | 1.1.3 | 9.22 | 72.61 | 81.83 | NOTE | |
| r-release-linux-x86_64 | 1.1.3 | 9.42 | 71.91 | 81.33 | NOTE | |
| r-release-macos-arm64 | 1.1.3 | NOTE | ||||
| r-release-macos-x86_64 | 1.1.3 | 8.00 | 61.00 | 69.00 | NOTE | |
| r-release-windows-x86_64 | 1.1.3 | 10.00 | 90.00 | 100.00 | NOTE | |
| r-oldrel-macos-arm64 | 1.1.3 | NOTE | ||||
| r-oldrel-macos-x86_64 | 1.1.3 | 6.00 | 50.00 | 56.00 | NOTE | |
| r-oldrel-windows-x86_64 | 1.1.3 | 14.00 | 108.00 | 122.00 | NOTE |
Version: 1.1.3
Check: Rd files
Result: NOTE
checkRd: (-1) MSM.fit.Rd:21: Lost braces
21 | \code{MSM.fit} returns an object of class code{MSM.lm} or \code{MSM.glm}, depending on the input model.
| ^
checkRd: (-1) SMC.Smooth.Rd:25: Lost braces; missing escapes or markup?
25 | observation at current time step. It should return {xx} (the samples xt) and
| ^
checkRd: (-1) SMC.Smooth.Rd:26: Lost braces; missing escapes or markup?
26 | {logww} (their corresponding log weight).}
| ^
Flavors: r-devel-linux-x86_64-debian-clang, r-devel-linux-x86_64-debian-gcc, r-devel-linux-x86_64-fedora-clang, r-devel-linux-x86_64-fedora-gcc, r-devel-windows-x86_64, r-patched-linux-x86_64, r-release-linux-x86_64, r-release-macos-arm64, r-release-macos-x86_64, r-release-windows-x86_64, r-oldrel-macos-arm64, r-oldrel-macos-x86_64, r-oldrel-windows-x86_64
Version: 1.1.3
Check: dependencies in R code
Result: NOTE
Namespaces in Imports field not imported from:
‘MASS’ ‘Rdpack’ ‘base’ ‘graphics’ ‘parallel’
All declared Imports should be used.
Flavors: r-devel-linux-x86_64-fedora-clang, r-devel-linux-x86_64-fedora-gcc