Last updated on 2024-03-28 19:48:38 CET.
Flavor | Version | Tinstall | Tcheck | Ttotal | Status | Flags |
---|---|---|---|---|---|---|
r-devel-linux-x86_64-debian-clang | 1.18 | 25.13 | 349.27 | 374.40 | NOTE | |
r-devel-linux-x86_64-debian-gcc | 1.18 | 18.93 | 243.78 | 262.71 | NOTE | |
r-devel-linux-x86_64-fedora-clang | 1.18 | 450.59 | NOTE | |||
r-devel-linux-x86_64-fedora-gcc | 1.18 | 443.72 | NOTE | |||
r-devel-windows-x86_64 | 1.18 | 28.00 | 259.00 | 287.00 | NOTE | |
r-patched-linux-x86_64 | 1.18 | 19.45 | 334.40 | 353.85 | NOTE | |
r-release-linux-x86_64 | 1.18 | 19.40 | 346.97 | 366.37 | OK | |
r-release-macos-arm64 | 1.18 | 95.00 | OK | |||
r-release-macos-x86_64 | 1.18 | 242.00 | OK | |||
r-release-windows-x86_64 | 1.18 | 37.00 | 354.00 | 391.00 | OK | |
r-oldrel-macos-arm64 | 1.18 | 123.00 | OK | |||
r-oldrel-windows-x86_64 | 1.18 | 37.00 | 356.00 | 393.00 | OK |
Version: 1.18
Check: Rd files
Result: NOTE
checkRd: (-1) svr.df.Rd:13: Lost braces
13 | \item{z}{the vector of zi = min{Xi, Yi}}
| ^
Flavors: r-devel-linux-x86_64-debian-clang, r-devel-linux-x86_64-debian-gcc, r-devel-linux-x86_64-fedora-clang, r-devel-linux-x86_64-fedora-gcc, r-devel-windows-x86_64, r-patched-linux-x86_64