Last updated on 2025-11-24 19:51:16 CET.
| Flavor | Version | Tinstall | Tcheck | Ttotal | Status | Flags |
|---|---|---|---|---|---|---|
| r-devel-linux-x86_64-debian-clang | 1.2.0 | 2.59 | 27.25 | 29.84 | NOTE | |
| r-devel-linux-x86_64-debian-gcc | 1.2.0 | 2.05 | 21.35 | 23.40 | NOTE | |
| r-devel-linux-x86_64-fedora-clang | 1.2.0 | 44.69 | OK | |||
| r-devel-linux-x86_64-fedora-gcc | 1.2.0 | 42.45 | OK | |||
| r-devel-windows-x86_64 | 1.2.0 | 5.00 | 46.00 | 51.00 | OK | |
| r-patched-linux-x86_64 | 1.2.0 | 2.59 | 26.01 | 28.60 | OK | |
| r-release-linux-x86_64 | 1.2.0 | 2.60 | 26.09 | 28.69 | OK | |
| r-release-macos-arm64 | 1.2.0 | OK | ||||
| r-release-macos-x86_64 | 1.2.0 | 4.00 | 27.00 | 31.00 | OK | |
| r-release-windows-x86_64 | 1.2.0 | 4.00 | 45.00 | 49.00 | OK | |
| r-oldrel-macos-arm64 | 1.2.0 | NOTE | ||||
| r-oldrel-macos-x86_64 | 1.2.0 | 2.00 | 23.00 | 25.00 | NOTE | |
| r-oldrel-windows-x86_64 | 1.2.0 | 4.00 | 87.00 | 91.00 | NOTE |
Version: 1.2.0
Check: CRAN incoming feasibility
Result: NOTE
Maintainer: ‘Maya B. Mathur <mmathur@stanford.edu>’
No Authors@R field in DESCRIPTION.
Please add one, modifying
Authors@R: c(person(given = c("Maya", "B."),
family = "Mathur",
role = c("aut", "cre"),
email = "mmathur@stanford.edu"),
person(given = c("Tyler", "J."),
family = "VanderWeele",
role = "aut"))
as necessary.
Package CITATION file contains call(s) to old-style personList() or
as.personList(). Please use c() on person objects instead.
Package CITATION file contains call(s) to old-style citEntry(). Please
use bibentry() instead.
Flavors: r-devel-linux-x86_64-debian-clang, r-devel-linux-x86_64-debian-gcc
Version: 1.2.0
Check: LazyData
Result: NOTE
'LazyData' is specified without a 'data' directory
Flavors: r-oldrel-macos-arm64, r-oldrel-macos-x86_64, r-oldrel-windows-x86_64