Last updated on 2025-05-06 20:50:47 CEST.
Flavor | Version | Tinstall | Tcheck | Ttotal | Status | Flags |
---|---|---|---|---|---|---|
r-devel-linux-x86_64-debian-clang | 0.1 | 2.09 | 19.35 | 21.44 | NOTE | |
r-devel-linux-x86_64-debian-gcc | 0.1 | 1.49 | 15.42 | 16.91 | NOTE | |
r-devel-linux-x86_64-fedora-clang | 0.1 | 32.96 | NOTE | |||
r-devel-linux-x86_64-fedora-gcc | 0.1 | 31.85 | NOTE | |||
r-devel-windows-x86_64 | 0.1 | 4.00 | 40.00 | 44.00 | NOTE | |
r-patched-linux-x86_64 | 0.1 | 2.23 | 18.50 | 20.73 | NOTE | |
r-release-linux-x86_64 | 0.1 | 1.86 | 18.70 | 20.56 | NOTE | |
r-release-macos-arm64 | 0.1 | 17.00 | NOTE | |||
r-release-macos-x86_64 | 0.1 | 28.00 | NOTE | |||
r-release-windows-x86_64 | 0.1 | 3.00 | 41.00 | 44.00 | NOTE | |
r-oldrel-macos-arm64 | 0.1 | 14.00 | NOTE | |||
r-oldrel-macos-x86_64 | 0.1 | 20.00 | NOTE | |||
r-oldrel-windows-x86_64 | 0.1 | 3.00 | 39.00 | 42.00 | NOTE |
Version: 0.1
Check: CRAN incoming feasibility
Result: NOTE
Maintainer: ‘Jesus Prada <jesus.prada@estudiante.uam.es>’
No Authors@R field in DESCRIPTION.
Please add one, modifying
Authors@R: person(given = "Jesus",
family = "Prada",
role = c("aut", "cre"),
email = "jesus.prada@estudiante.uam.es")
as necessary.
Flavors: r-devel-linux-x86_64-debian-clang, r-devel-linux-x86_64-debian-gcc
Version: 0.1
Check: Rd files
Result: NOTE
checkRd: (-1) mle_parameters.Rd:36: Lost braces in \itemize; meant \describe ?
checkRd: (-1) mle_parameters.Rd:37: Lost braces in \itemize; meant \describe ?
checkRd: (-1) mle_parameters.Rd:38: Lost braces in \itemize; meant \describe ?
checkRd: (-1) mle_parameters.Rd:39: Lost braces in \itemize; meant \describe ?
checkRd: (-1) mle_parameters.Rd:40: Lost braces in \itemize; meant \describe ?
checkRd: (-1) mle_parameters.Rd:41: Lost braces in \itemize; meant \describe ?
checkRd: (-1) mle_parameters.Rd:42: Lost braces in \itemize; meant \describe ?
Flavors: r-devel-linux-x86_64-debian-clang, r-devel-linux-x86_64-debian-gcc, r-devel-linux-x86_64-fedora-clang, r-devel-linux-x86_64-fedora-gcc, r-devel-windows-x86_64, r-patched-linux-x86_64, r-release-linux-x86_64, r-release-macos-arm64, r-release-macos-x86_64, r-release-windows-x86_64, r-oldrel-macos-arm64, r-oldrel-macos-x86_64, r-oldrel-windows-x86_64
Version: 0.1
Check: Rd cross-references
Result: NOTE
Found the following Rd file(s) with Rd \link{} targets missing package
anchors:
mle_parameters.Rd: multiroot
Please provide package anchors for all Rd \link{} targets not in the
package itself and the base packages.
Flavors: r-devel-linux-x86_64-debian-clang, r-devel-linux-x86_64-debian-gcc, r-devel-windows-x86_64, r-patched-linux-x86_64, r-release-linux-x86_64, r-release-windows-x86_64
Version: 0.1
Check: LazyData
Result: NOTE
'LazyData' is specified without a 'data' directory
Flavors: r-oldrel-macos-arm64, r-oldrel-macos-x86_64, r-oldrel-windows-x86_64