Last updated on 2024-04-18 21:56:58 CEST.
Flavor | Version | Tinstall | Tcheck | Ttotal | Status | Flags |
---|---|---|---|---|---|---|
r-devel-linux-x86_64-debian-clang | 0.1.0 | 11.20 | 66.59 | 77.79 | NOTE | |
r-devel-linux-x86_64-debian-gcc | 0.1.0 | 6.80 | 48.89 | 55.69 | NOTE | |
r-devel-linux-x86_64-fedora-clang | 0.1.0 | 91.84 | NOTE | |||
r-devel-linux-x86_64-fedora-gcc | 0.1.0 | 93.07 | NOTE | |||
r-prerel-macos-arm64 | 0.1.0 | 34.00 | NOTE | |||
r-prerel-windows-x86_64 | 0.1.0 | 12.00 | 70.00 | 82.00 | NOTE | |
r-patched-linux-x86_64 | 0.1.0 | 9.17 | 63.44 | 72.61 | NOTE | |
r-release-linux-x86_64 | 0.1.0 | 5.54 | 63.62 | 69.16 | OK | |
r-release-macos-arm64 | 0.1.0 | 32.00 | OK | |||
r-release-macos-x86_64 | 0.1.0 | 45.00 | OK | |||
r-release-windows-x86_64 | 0.1.0 | 14.00 | 79.00 | 93.00 | OK | |
r-oldrel-macos-arm64 | 0.1.0 | 30.00 | OK | |||
r-oldrel-windows-x86_64 | 0.1.0 | 13.00 | 82.00 | 95.00 | OK |
Version: 0.1.0
Check: Rd files
Result: NOTE
checkRd: (-1) geninvitro.Rd:10: Lost braces in \itemize; meant \describe ?
checkRd: (-1) geninvitro.Rd:11: Lost braces in \itemize; meant \describe ?
checkRd: (-1) geninvitro.Rd:12: Lost braces in \itemize; meant \describe ?
checkRd: (-1) geninvitro.Rd:13: Lost braces in \itemize; meant \describe ?
checkRd: (-1) geninvitro.Rd:14: Lost braces in \itemize; meant \describe ?
checkRd: (-1) geninvitro.Rd:15: Lost braces in \itemize; meant \describe ?
checkRd: (-1) geninvitro.Rd:16: Lost braces in \itemize; meant \describe ?
checkRd: (-1) geninvitro.Rd:17: Lost braces in \itemize; meant \describe ?
checkRd: (-1) geninvitro.Rd:18: Lost braces in \itemize; meant \describe ?
checkRd: (-1) geninvitro.Rd:19: Lost braces in \itemize; meant \describe ?
checkRd: (-1) geninvitro.Rd:20: Lost braces in \itemize; meant \describe ?
checkRd: (-1) geninvitro.Rd:21: Lost braces in \itemize; meant \describe ?
checkRd: (-1) geninvitro.Rd:22: Lost braces in \itemize; meant \describe ?
checkRd: (-1) geninvitro.Rd:23-24: Lost braces in \itemize; meant \describe ?
checkRd: (-1) geninvitro.Rd:25: Lost braces in \itemize; meant \describe ?
checkRd: (-1) geninvitro.Rd:26-27: Lost braces in \itemize; meant \describe ?
checkRd: (-1) geninvitro.Rd:28-29: Lost braces in \itemize; meant \describe ?
checkRd: (-1) nm400.Rd:10: Lost braces in \itemize; meant \describe ?
checkRd: (-1) nm400.Rd:11: Lost braces in \itemize; meant \describe ?
checkRd: (-1) nm400.Rd:12: Lost braces in \itemize; meant \describe ?
checkRd: (-1) nm400.Rd:13: Lost braces in \itemize; meant \describe ?
checkRd: (-1) nm400.Rd:14: Lost braces in \itemize; meant \describe ?
checkRd: (-1) nm400.Rd:15: Lost braces in \itemize; meant \describe ?
checkRd: (-1) nm400.Rd:16: Lost braces in \itemize; meant \describe ?
checkRd: (-1) nm400.Rd:17: Lost braces in \itemize; meant \describe ?
checkRd: (-1) nm400.Rd:18: Lost braces in \itemize; meant \describe ?
checkRd: (-1) nm400.Rd:19: Lost braces in \itemize; meant \describe ?
checkRd: (-1) nm400.Rd:20: Lost braces in \itemize; meant \describe ?
checkRd: (-1) nm400.Rd:21: Lost braces in \itemize; meant \describe ?
checkRd: (-1) nm400.Rd:22: Lost braces in \itemize; meant \describe ?
checkRd: (-1) nm400.Rd:23-24: Lost braces in \itemize; meant \describe ?
checkRd: (-1) nm400.Rd:25: Lost braces in \itemize; meant \describe ?
checkRd: (-1) nm400.Rd:26-27: Lost braces in \itemize; meant \describe ?
checkRd: (-1) nm400.Rd:28-29: Lost braces in \itemize; meant \describe ?
Flavors: r-devel-linux-x86_64-debian-clang, r-devel-linux-x86_64-debian-gcc, r-devel-linux-x86_64-fedora-clang, r-devel-linux-x86_64-fedora-gcc, r-prerel-macos-arm64, r-prerel-windows-x86_64, r-patched-linux-x86_64