Last updated on 2024-07-17 20:57:06 CEST.
Flavor | Version | Tinstall | Tcheck | Ttotal | Status | Flags |
---|---|---|---|---|---|---|
r-devel-linux-x86_64-debian-clang | 2.8-0 | 10.77 | 208.90 | 219.67 | OK | |
r-devel-linux-x86_64-debian-gcc | 2.8-0 | 6.77 | 146.96 | 153.73 | OK | |
r-devel-linux-x86_64-fedora-clang | 2.8-0 | 269.01 | OK | |||
r-devel-linux-x86_64-fedora-gcc | 2.8-0 | 270.12 | OK | |||
r-devel-windows-x86_64 | 2.8-0 | 9.00 | 338.00 | 347.00 | OK | |
r-patched-linux-x86_64 | 2.8-0 | 10.91 | 194.81 | 205.72 | OK | |
r-release-linux-x86_64 | 2.8-0 | 8.48 | 200.40 | 208.88 | ERROR | |
r-release-macos-arm64 | 2.8-0 | 90.00 | OK | |||
r-release-macos-x86_64 | 2.8-0 | 161.00 | OK | |||
r-release-windows-x86_64 | 2.8-0 | 8.00 | 342.00 | 350.00 | OK | |
r-oldrel-macos-arm64 | 2.8-0 | 145.00 | OK | |||
r-oldrel-macos-x86_64 | 2.8-0 | 385.00 | OK | |||
r-oldrel-windows-x86_64 | 2.8-0 | 9.00 | 311.00 | 320.00 | OK |
Version: 2.8-0
Check: tests
Result: ERROR
Running ‘tinytest.R’ [1s/2s]
Running the tests in ‘tests/tinytest.R’ failed.
Complete output:
> if (requireNamespace("tinytest", quietly = TRUE))
+ tinytest.results <- tinytest::test_package("NMOF",
+ color = interactive(),
+ verbose = 1)
test_French.R................. 0 tests 0.1s
test_Ritter.R................. 0 tests 2ms
test_barrier_options.R........ 3 tests OK 12ms
3 variables with 31, 5, 5 levels: 775 function evaluations required.
3 variables with 31, 5, 5 levels: 775 function evaluations required.
2 variables with 2, 3 levels: 6 function evaluations required.
2 variables with 2, 3 levels: 6 function evaluations required.
2 variables with 5, 5 levels: 25 function evaluations required.
2 variables with 4, 4 levels: 16 function evaluations required.
5 variables with 5, 5, 5, 5, ... levels: 3125 function evaluations required.
2 variables with 4, 4 levels: 16 function evaluations required.
2 variables with 4, 4 levels: 16 function evaluations required.
test_gridSearch.R............. 13 tests OK 0.2s
test_mc.R..................... 4 tests OK 5ms
test_options.R................ 14 tests OK 42ms
Loading required namespace: quadprog
Loading required namespace: Rglpk
test_portfolio.R.............. 17 tests OK 72ms
test_randomReturns.R.......... 9 tests OK 25ms
test_trackingPortfolio.R...... 3 tests 1 fails 0.6s
----- FAILED[data]: test_trackingPortfolio.R<13--36>
call| expect_true(max(abs(sol.ls - sol.qp1)) < 0.001)
diff| Expected TRUE, got FALSE
Error: 1 out of 63 tests failed
Execution halted
Flavor: r-release-linux-x86_64