CRAN Package Check Results for Package NMF

Last updated on 2022-11-26 19:55:23 CET.

Flavor Version Tinstall Tcheck Ttotal Status Flags
r-devel-linux-x86_64-debian-clang 0.25 37.42 695.60 733.02 OK
r-devel-linux-x86_64-debian-gcc 0.25 25.94 520.91 546.85 OK
r-devel-linux-x86_64-fedora-clang 0.25 971.72 OK
r-devel-linux-x86_64-fedora-gcc 0.25 906.60 OK
r-devel-windows-x86_64 0.25 174.00 839.00 1013.00 OK
r-patched-linux-x86_64 0.25 OK
r-release-linux-x86_64 0.25 32.06 645.09 677.15 OK
r-release-macos-arm64 0.25 290.00 NOTE
r-release-macos-x86_64 0.25 320.00 NOTE
r-release-windows-x86_64 0.24.0 179.00 791.00 970.00 OK
r-oldrel-macos-arm64 0.25 300.00 NOTE
r-oldrel-macos-x86_64 0.25 327.00 NOTE
r-oldrel-windows-ix86+x86_64 0.25 70.00 863.00 933.00 OK

Check Details

Version: 0.25
Check: package dependencies
Result: NOTE
    Package suggested but not available for checking: ‘doMPI’
Flavors: r-release-macos-arm64, r-release-macos-x86_64, r-oldrel-macos-arm64, r-oldrel-macos-x86_64