CRAN Package Check Results for Package NHSRdatasets

Last updated on 2022-12-02 20:53:20 CET.

Flavor Version Tinstall Tcheck Ttotal Status Flags
r-devel-linux-x86_64-debian-clang 0.3.0 2.38 90.07 92.45 OK
r-devel-linux-x86_64-debian-gcc 0.3.0 1.82 66.32 68.14 OK
r-devel-linux-x86_64-fedora-clang 0.3.0 121.60 NOTE
r-devel-linux-x86_64-fedora-gcc 0.3.0 126.97 NOTE
r-devel-windows-x86_64 0.3.0 23.00 138.00 161.00 OK
r-patched-linux-x86_64 0.3.0 1.76 83.96 85.72 OK
r-release-linux-x86_64 0.3.0 1.98 73.99 75.97 OK
r-release-macos-arm64 0.3.0 32.00 NOTE
r-release-macos-x86_64 0.3.0 46.00 NOTE
r-release-windows-x86_64 0.3.0 13.00 123.00 136.00 OK
r-oldrel-macos-arm64 0.3.0 42.00 NOTE
r-oldrel-macos-x86_64 0.3.0 61.00 NOTE
r-oldrel-windows-ix86+x86_64 0.3.0 5.00 122.00 127.00 OK

Check Details

Version: 0.3.0
Check: dependencies in R code
Result: NOTE
    Namespace in Imports field not imported from: ‘tibble’
     All declared Imports should be used.
Flavors: r-devel-linux-x86_64-fedora-clang, r-devel-linux-x86_64-fedora-gcc, r-release-macos-arm64, r-release-macos-x86_64, r-oldrel-macos-arm64, r-oldrel-macos-x86_64