Last updated on 2024-04-19 20:56:45 CEST.
Flavor | Version | Tinstall | Tcheck | Ttotal | Status | Flags |
---|---|---|---|---|---|---|
r-devel-linux-x86_64-debian-clang | 0.3.0 | 1.75 | 90.42 | 92.17 | OK | |
r-devel-linux-x86_64-debian-gcc | 0.3.0 | OK | ||||
r-devel-linux-x86_64-fedora-clang | 0.3.0 | 116.13 | NOTE | |||
r-devel-linux-x86_64-fedora-gcc | 0.3.0 | 127.37 | NOTE | |||
r-prerel-macos-arm64 | 0.3.0 | 43.00 | OK | |||
r-prerel-windows-x86_64 | 0.3.0 | 3.00 | 87.00 | 90.00 | OK | |
r-patched-linux-x86_64 | 0.3.0 | 2.12 | 87.67 | 89.79 | OK | |
r-release-linux-x86_64 | 0.3.0 | 1.84 | 87.84 | 89.68 | OK | |
r-release-macos-arm64 | 0.3.0 | 48.00 | OK | |||
r-release-macos-x86_64 | 0.3.0 | 69.00 | OK | |||
r-release-windows-x86_64 | 0.3.0 | 4.00 | 104.00 | 108.00 | OK | |
r-oldrel-macos-arm64 | 0.3.0 | 32.00 | NOTE | |||
r-oldrel-windows-x86_64 | 0.3.0 | 4.00 | 108.00 | 112.00 | OK |
Version: 0.3.0
Check: dependencies in R code
Result: NOTE
Namespace in Imports field not imported from: ‘tibble’
All declared Imports should be used.
Flavors: r-devel-linux-x86_64-fedora-clang, r-devel-linux-x86_64-fedora-gcc, r-oldrel-macos-arm64