CRAN Package Check Results for Package NHSRdatasets

Last updated on 2023-10-04 20:42:34 CEST.

Flavor Version Tinstall Tcheck Ttotal Status Flags
r-devel-linux-x86_64-debian-clang 0.3.0 2.04 87.17 89.21 OK
r-devel-linux-x86_64-debian-gcc 0.3.0 1.88 67.07 68.95 OK
r-devel-linux-x86_64-fedora-clang 0.3.0 114.28 NOTE
r-devel-linux-x86_64-fedora-gcc 0.3.0 119.89 NOTE
r-devel-windows-x86_64 0.3.0 4.00 92.00 96.00 OK
r-patched-linux-x86_64 0.3.0 2.44 84.59 87.03 OK
r-release-linux-x86_64 0.3.0 2.06 85.19 87.25 OK
r-release-macos-arm64 0.3.0 48.00 OK
r-release-macos-x86_64 0.3.0 69.00 OK
r-release-windows-x86_64 0.3.0 5.00 103.00 108.00 OK
r-oldrel-macos-arm64 0.3.0 32.00 NOTE
r-oldrel-macos-x86_64 0.3.0 46.00 NOTE
r-oldrel-windows-x86_64 0.3.0 5.00 103.00 108.00 OK

Check Details

Version: 0.3.0
Check: dependencies in R code
Result: NOTE
    Namespace in Imports field not imported from: ‘tibble’
     All declared Imports should be used.
Flavors: r-devel-linux-x86_64-fedora-clang, r-devel-linux-x86_64-fedora-gcc, r-oldrel-macos-arm64, r-oldrel-macos-x86_64