Last updated on 2024-04-23 20:52:11 CEST.
Flavor | Version | Tinstall | Tcheck | Ttotal | Status | Flags |
---|---|---|---|---|---|---|
r-devel-linux-x86_64-debian-clang | 2.1.0 | 2.69 | 25.17 | 27.86 | NOTE | |
r-devel-linux-x86_64-debian-gcc | 2.1.0 | 2.68 | 19.64 | 22.32 | NOTE | |
r-devel-linux-x86_64-fedora-clang | 2.1.0 | 36.01 | NOTE | |||
r-devel-linux-x86_64-fedora-gcc | 2.1.0 | 35.23 | NOTE | |||
r-prerel-macos-arm64 | 2.1.0 | 17.00 | NOTE | |||
r-prerel-windows-x86_64 | 2.1.0 | 3.00 | 41.00 | 44.00 | NOTE | |
r-patched-linux-x86_64 | 2.1.0 | 2.90 | 24.92 | 27.82 | NOTE | |
r-release-linux-x86_64 | 2.1.0 | 3.49 | 24.93 | 28.42 | OK | |
r-release-macos-arm64 | 2.1.0 | 17.00 | OK | |||
r-release-macos-x86_64 | 2.1.0 | 23.00 | OK | |||
r-release-windows-x86_64 | 2.1.0 | 4.00 | 41.00 | 45.00 | OK | |
r-oldrel-macos-arm64 | 2.1.0 | 19.00 | OK | |||
r-oldrel-windows-x86_64 | 2.1.0 | 5.00 | 44.00 | 49.00 | OK |
Version: 2.1.0
Check: Rd files
Result: NOTE
checkRd: (-1) NHANES.Rd:278: Lost braces
278 | \code{AgeFirstMarij}{Age participant first tried marijuana. Reported for participants aged 18 to 59 years.}
| ^
Flavors: r-devel-linux-x86_64-debian-clang, r-devel-linux-x86_64-debian-gcc, r-devel-linux-x86_64-fedora-clang, r-devel-linux-x86_64-fedora-gcc, r-prerel-macos-arm64, r-prerel-windows-x86_64, r-patched-linux-x86_64