CRAN Package Check Results for Package NFWdist

Last updated on 2025-02-20 19:51:39 CET.

Flavor Version Tinstall Tcheck Ttotal Status Flags
r-devel-linux-x86_64-debian-clang 0.1.0 1.66 20.10 21.76 OK
r-devel-linux-x86_64-debian-gcc 0.1.0 1.34 16.66 18.00 OK
r-devel-linux-x86_64-fedora-clang 0.1.0 36.38 OK
r-devel-linux-x86_64-fedora-gcc 0.1.0 55.43 OK
r-devel-macos-arm64 0.1.0 26.00 OK
r-devel-macos-x86_64 0.1.0 41.00 OK
r-devel-windows-x86_64 0.1.0 3.00 41.00 44.00 OK
r-patched-linux-x86_64 0.1.0 1.73 19.21 20.94 NOTE
r-release-linux-x86_64 0.1.0 1.40 19.47 20.87 NOTE
r-release-macos-arm64 0.1.0 23.00 NOTE
r-release-macos-x86_64 0.1.0 39.00 NOTE
r-release-windows-x86_64 0.1.0 4.00 41.00 45.00 NOTE
r-oldrel-macos-arm64 0.1.0 23.00 NOTE
r-oldrel-macos-x86_64 0.1.0 34.00 NOTE
r-oldrel-windows-x86_64 0.1.0 2.00 42.00 44.00 NOTE

Check Details

Version: 0.1.0
Check: LazyData
Result: NOTE 'LazyData' is specified without a 'data' directory Flavors: r-patched-linux-x86_64, r-release-linux-x86_64, r-release-macos-arm64, r-release-macos-x86_64, r-release-windows-x86_64, r-oldrel-macos-arm64, r-oldrel-macos-x86_64, r-oldrel-windows-x86_64