Last updated on 2024-04-24 20:54:15 CEST.
Flavor | Version | Tinstall | Tcheck | Ttotal | Status | Flags |
---|---|---|---|---|---|---|
r-devel-linux-x86_64-debian-clang | 1.0.1 | 9.24 | 62.13 | 71.37 | OK | |
r-devel-linux-x86_64-debian-gcc | 1.0.1 | 7.34 | 47.04 | 54.38 | OK | |
r-devel-linux-x86_64-fedora-clang | 1.0.1 | 96.68 | NOTE | |||
r-devel-linux-x86_64-fedora-gcc | 1.0.1 | 95.76 | NOTE | |||
r-devel-windows-x86_64 | 1.0.1 | 10.00 | 72.00 | 82.00 | OK | |
r-patched-linux-x86_64 | 1.0.1 | 7.73 | 61.15 | 68.88 | OK | |
r-release-linux-x86_64 | 1.0.1 | 8.39 | 60.72 | 69.11 | OK | |
r-release-macos-arm64 | 1.0.1 | 37.00 | NOTE | |||
r-release-windows-x86_64 | 1.0.1 | 9.00 | 70.00 | 79.00 | OK | |
r-oldrel-macos-arm64 | 1.0.1 | 34.00 | NOTE | |||
r-oldrel-macos-x86_64 | 1.0.1 | 47.00 | NOTE | |||
r-oldrel-windows-x86_64 | 1.0.1 | 12.00 | 79.00 | 91.00 | OK |
Version: 1.0.1
Check: package dependencies
Result: NOTE
Package suggested but not available for checking: ‘sSeq’
Flavors: r-devel-linux-x86_64-fedora-clang, r-devel-linux-x86_64-fedora-gcc, r-release-macos-arm64, r-oldrel-macos-arm64, r-oldrel-macos-x86_64
Version: 1.0.1
Check: Rd cross-references
Result: NOTE
Package unavailable to check Rd xrefs: ‘sSeq’
Flavors: r-devel-linux-x86_64-fedora-clang, r-devel-linux-x86_64-fedora-gcc, r-release-macos-arm64, r-oldrel-macos-arm64, r-oldrel-macos-x86_64