CRAN Package Check Results for Package NBLDA

Last updated on 2022-09-26 21:53:03 CEST.

Flavor Version Tinstall Tcheck Ttotal Status Flags
r-devel-linux-x86_64-debian-clang 1.0.1 8.61 69.74 78.35 OK
r-devel-linux-x86_64-debian-gcc 1.0.1 5.77 52.52 58.29 OK
r-devel-linux-x86_64-fedora-clang 1.0.1 115.06 NOTE
r-devel-linux-x86_64-fedora-gcc 1.0.1 107.75 NOTE
r-devel-windows-x86_64 1.0.1 25.00 106.00 131.00 OK
r-patched-linux-x86_64 1.0.1 9.18 64.82 74.00 OK
r-release-linux-x86_64 1.0.1 6.28 64.56 70.84 OK
r-release-macos-arm64 1.0.1 34.00 NOTE
r-release-macos-x86_64 1.0.1 58.00 NOTE
r-release-windows-x86_64 1.0.1 16.00 100.00 116.00 OK
r-oldrel-macos-arm64 1.0.1 29.00 NOTE
r-oldrel-macos-x86_64 1.0.1 46.00 NOTE
r-oldrel-windows-ix86+x86_64 1.0.1 22.00 98.00 120.00 OK

Check Details

Version: 1.0.1
Check: package dependencies
Result: NOTE
    Package suggested but not available for checking: ‘sSeq’
Flavors: r-devel-linux-x86_64-fedora-clang, r-devel-linux-x86_64-fedora-gcc, r-release-macos-arm64, r-release-macos-x86_64, r-oldrel-macos-arm64, r-oldrel-macos-x86_64

Version: 1.0.1
Check: Rd cross-references
Result: NOTE
    Package unavailable to check Rd xrefs: ‘sSeq’
Flavors: r-devel-linux-x86_64-fedora-clang, r-devel-linux-x86_64-fedora-gcc, r-release-macos-arm64, r-release-macos-x86_64, r-oldrel-macos-arm64, r-oldrel-macos-x86_64