Last updated on 2025-02-06 19:49:30 CET.
Flavor | Version | Tinstall | Tcheck | Ttotal | Status | Flags |
---|---|---|---|---|---|---|
r-devel-linux-x86_64-debian-clang | 2.0.0 | 6.03 | 53.02 | 59.05 | OK | |
r-devel-linux-x86_64-debian-gcc | 2.0.0 | 5.43 | 39.10 | 44.53 | OK | |
r-devel-linux-x86_64-fedora-clang | 2.0.0 | 94.93 | OK | |||
r-devel-linux-x86_64-fedora-gcc | 2.0.0 | 87.98 | OK | |||
r-devel-windows-x86_64 | 2.0.0 | 7.00 | 69.00 | 76.00 | OK | |
r-patched-linux-x86_64 | 2.0.0 | 6.55 | 49.44 | 55.99 | NOTE | |
r-release-linux-x86_64 | 2.0.0 | 5.58 | 49.55 | 55.13 | NOTE | |
r-release-macos-arm64 | 2.0.0 | 29.00 | NOTE | |||
r-release-macos-x86_64 | 2.0.0 | 45.00 | NOTE | |||
r-release-windows-x86_64 | 2.0.0 | 8.00 | 65.00 | 73.00 | NOTE | |
r-oldrel-macos-arm64 | 2.0.0 | 33.00 | NOTE | |||
r-oldrel-macos-x86_64 | 2.0.0 | 52.00 | NOTE | |||
r-oldrel-windows-x86_64 | 2.0.0 | 10.00 | 77.00 | 87.00 | NOTE |
Version: 2.0.0
Check: LazyData
Result: NOTE
'LazyData' is specified without a 'data' directory
Flavors: r-patched-linux-x86_64, r-release-linux-x86_64, r-release-macos-arm64, r-release-macos-x86_64, r-release-windows-x86_64, r-oldrel-macos-arm64, r-oldrel-macos-x86_64, r-oldrel-windows-x86_64