Last updated on 2024-07-17 20:57:05 CEST.
Flavor | Version | Tinstall | Tcheck | Ttotal | Status | Flags |
---|---|---|---|---|---|---|
r-devel-linux-x86_64-debian-clang | 1.6-1.1 | 12.84 | 97.07 | 109.91 | OK | |
r-devel-linux-x86_64-debian-gcc | 1.6-1.1 | 10.74 | 72.59 | 83.33 | OK | |
r-devel-linux-x86_64-fedora-clang | 1.6-1.1 | 137.62 | OK | |||
r-devel-linux-x86_64-fedora-gcc | 1.6-1.1 | 131.46 | OK | |||
r-devel-windows-x86_64 | 1.6-1.1 | 12.00 | 101.00 | 113.00 | NOTE | |
r-patched-linux-x86_64 | 1.6-1.1 | 11.54 | 93.45 | 104.99 | OK | |
r-release-linux-x86_64 | 1.6-1.1 | 12.39 | 91.36 | 103.75 | OK | |
r-release-macos-arm64 | 1.6-1.1 | 42.00 | OK | |||
r-release-macos-x86_64 | 1.6-1.1 | 82.00 | OK | |||
r-release-windows-x86_64 | 1.6-1.1 | 13.00 | 101.00 | 114.00 | OK | |
r-oldrel-macos-arm64 | 1.6-1.1 | 43.00 | OK | |||
r-oldrel-macos-x86_64 | 1.6-1.1 | 76.00 | OK | |||
r-oldrel-windows-x86_64 | 1.6-1.1 | 16.00 | 118.00 | 134.00 | OK |
Version: 1.6-1.1
Check: Rd cross-references
Result: NOTE
Found the following Rd file(s) with Rd \link{} targets missing package
anchors:
cendiff.Rd: survdiff
cenfit.Rd: survfit
cenmle-class.Rd: survreg
cenmle-gaussian-class.Rd: survreg
cenmle-lognormal-class.Rd: survreg
cenreg-class.Rd: survreg
cenreg-gaussian-class.Rd: survreg
cenreg-lognormal-class.Rd: survreg
Please provide package anchors for all Rd \link{} targets not in the
package itself and the base packages.
Flavor: r-devel-windows-x86_64