Last updated on 2024-03-27 19:56:58 CET.
Flavor | Version | Tinstall | Tcheck | Ttotal | Status | Flags |
---|---|---|---|---|---|---|
r-devel-linux-x86_64-debian-clang | 0.1.3 | 15.07 | 189.47 | 204.54 | NOTE | |
r-devel-linux-x86_64-debian-gcc | 0.1.3 | 12.59 | 142.43 | 155.02 | NOTE | |
r-devel-linux-x86_64-fedora-clang | 0.1.3 | 252.25 | NOTE | |||
r-devel-linux-x86_64-fedora-gcc | 0.1.3 | 252.23 | NOTE | |||
r-devel-windows-x86_64 | 0.1.3 | 14.00 | 154.00 | 168.00 | NOTE | |
r-patched-linux-x86_64 | 0.1.3 | 14.00 | 188.85 | 202.85 | NOTE | |
r-release-linux-x86_64 | 0.1.3 | 14.67 | 190.13 | 204.80 | NOTE | |
r-release-macos-arm64 | 0.1.3 | 49.00 | NOTE | |||
r-release-macos-x86_64 | 0.1.3 | 81.00 | NOTE | |||
r-release-windows-x86_64 | 0.1.3 | 20.00 | 198.00 | 218.00 | NOTE | |
r-oldrel-macos-arm64 | 0.1.3 | 50.00 | NOTE | |||
r-oldrel-windows-x86_64 | 0.1.3 | 20.00 | 196.00 | 216.00 | NOTE |
Version: 0.1.3
Check: package dependencies
Result: NOTE
Package suggested but not available for checking: ‘rrelaxiv’
Flavors: r-devel-linux-x86_64-debian-clang, r-devel-linux-x86_64-debian-gcc, r-devel-linux-x86_64-fedora-clang, r-devel-linux-x86_64-fedora-gcc, r-devel-windows-x86_64, r-patched-linux-x86_64, r-release-linux-x86_64, r-release-macos-arm64, r-release-macos-x86_64, r-release-windows-x86_64, r-oldrel-macos-arm64, r-oldrel-windows-x86_64
Version: 0.1.3
Check: dependencies in R code
Result: NOTE
Namespaces in Imports field not imported from:
‘RCurl’ ‘fields’ ‘optmatch’ ‘rcbalance’ ‘utils’
All declared Imports should be used.
Flavors: r-devel-linux-x86_64-fedora-clang, r-devel-linux-x86_64-fedora-gcc