Last updated on 2023-10-04 20:42:33 CEST.
Flavor | Version | Tinstall | Tcheck | Ttotal | Status | Flags |
---|---|---|---|---|---|---|
r-devel-linux-x86_64-debian-clang | 1.4.0 | 25.22 | 277.40 | 302.62 | NOTE | |
r-devel-linux-x86_64-debian-gcc | 1.4.0 | 24.20 | 202.48 | 226.68 | NOTE | |
r-devel-linux-x86_64-fedora-clang | 1.4.0 | 366.09 | NOTE | |||
r-devel-linux-x86_64-fedora-gcc | 1.4.0 | 354.14 | NOTE | |||
r-devel-windows-x86_64 | 1.4.0 | 27.00 | 308.00 | 335.00 | NOTE | |
r-patched-linux-x86_64 | 1.4.0 | 29.62 | 264.59 | 294.21 | NOTE | |
r-release-linux-x86_64 | 1.4.0 | 19.60 | 263.56 | 283.16 | NOTE | |
r-release-macos-arm64 | 1.4.0 | 88.00 | NOTE | |||
r-release-macos-x86_64 | 1.4.0 | 158.00 | NOTE | |||
r-release-windows-x86_64 | 1.4.0 | 35.00 | 363.00 | 398.00 | NOTE | |
r-oldrel-macos-arm64 | 1.4.0 | 80.00 | OK | |||
r-oldrel-macos-x86_64 | 1.4.0 | 148.00 | OK | |||
r-oldrel-windows-x86_64 | 1.4.0 | 33.00 | 313.00 | 346.00 | OK |
Version: 1.4.0
Check: package subdirectories
Result: NOTE
Problems with news in ‘NEWS.md’:
Cannot extract version info from the following section titles:
* efourier with default norm=TRUE now messages about how wrong it may be
Flavors: r-devel-linux-x86_64-debian-clang, r-devel-linux-x86_64-debian-gcc, r-devel-linux-x86_64-fedora-clang, r-devel-linux-x86_64-fedora-gcc, r-devel-windows-x86_64, r-patched-linux-x86_64, r-release-linux-x86_64, r-release-macos-arm64, r-release-macos-x86_64, r-release-windows-x86_64