CRAN Package Check Results for Package Momocs

Last updated on 2022-09-26 21:53:02 CEST.

Flavor Version Tinstall Tcheck Ttotal Status Flags
r-devel-linux-x86_64-debian-clang 1.4.0 24.70 268.39 293.09 NOTE
r-devel-linux-x86_64-debian-gcc 1.4.0 20.44 191.59 212.03 NOTE
r-devel-linux-x86_64-fedora-clang 1.4.0 364.86 NOTE
r-devel-linux-x86_64-fedora-gcc 1.4.0 350.82 NOTE
r-devel-windows-x86_64 1.4.0 111.00 394.00 505.00 NOTE
r-patched-linux-x86_64 1.4.0 42.41 248.48 290.89 OK
r-release-linux-x86_64 1.4.0 24.72 243.16 267.88 OK
r-release-macos-arm64 1.4.0 80.00 OK
r-release-macos-x86_64 1.4.0 148.00 OK
r-release-windows-x86_64 1.4.0 131.00 357.00 488.00 OK
r-oldrel-macos-arm64 1.4.0 85.00 OK
r-oldrel-macos-x86_64 1.4.0 118.00 OK
r-oldrel-windows-ix86+x86_64 1.4.0 49.00 357.00 406.00 OK

Check Details

Version: 1.4.0
Check: package subdirectories
Result: NOTE
    Problems with news in 'NEWS.md':
     Cannot extract version info from the following section titles:
     * efourier with default norm=TRUE now messages about how wrong it may be
Flavors: r-devel-linux-x86_64-debian-clang, r-devel-linux-x86_64-debian-gcc, r-devel-linux-x86_64-fedora-clang, r-devel-linux-x86_64-fedora-gcc, r-devel-windows-x86_64