Last updated on 2024-04-19 20:56:44 CEST.
Flavor | Version | Tinstall | Tcheck | Ttotal | Status | Flags |
---|---|---|---|---|---|---|
r-devel-linux-x86_64-debian-clang | 0.9.6 | 22.10 | 154.41 | 176.51 | OK | |
r-devel-linux-x86_64-debian-gcc | 0.9.6 | OK | ||||
r-devel-linux-x86_64-fedora-clang | 0.9.6 | 209.15 | NOTE | |||
r-devel-linux-x86_64-fedora-gcc | 0.9.6 | 211.53 | OK | |||
r-prerel-macos-arm64 | 0.9.6 | 55.00 | OK | |||
r-prerel-macos-x86_64 | 0.9.6 | 111.00 | OK | |||
r-prerel-windows-x86_64 | 0.9.6 | 18.00 | 136.00 | 154.00 | OK | |
r-patched-linux-x86_64 | 0.9.6 | 16.53 | 140.62 | 157.15 | OK | |
r-release-linux-x86_64 | 0.9.6 | 15.22 | 148.02 | 163.24 | OK | |
r-release-macos-arm64 | 0.9.6 | 60.00 | OK | |||
r-release-macos-x86_64 | 0.9.6 | 114.00 | OK | |||
r-release-windows-x86_64 | 0.9.6 | 21.00 | 163.00 | 184.00 | OK | |
r-oldrel-macos-arm64 | 0.9.6 | 65.00 | OK | |||
r-oldrel-windows-x86_64 | 0.9.6 | 22.00 | 175.00 | 197.00 | OK |
Version: 0.9.6
Check: Rd cross-references
Result: NOTE
Undeclared package ‘pscl’ in Rd xrefs
Flavor: r-devel-linux-x86_64-fedora-clang