Last updated on 2024-04-18 21:56:56 CEST.
Flavor | Version | Tinstall | Tcheck | Ttotal | Status | Flags |
---|---|---|---|---|---|---|
r-devel-linux-x86_64-debian-clang | 1.1.2 | 5.97 | 72.19 | 78.16 | NOTE | |
r-devel-linux-x86_64-debian-gcc | 1.1.2 | 5.22 | 53.65 | 58.87 | NOTE | |
r-devel-linux-x86_64-fedora-clang | 1.1.2 | 97.95 | NOTE | |||
r-devel-linux-x86_64-fedora-gcc | 1.1.2 | 95.09 | NOTE | |||
r-prerel-macos-arm64 | 1.1.2 | 28.00 | NOTE | |||
r-prerel-windows-x86_64 | 1.1.2 | 8.00 | 70.00 | 78.00 | NOTE | |
r-patched-linux-x86_64 | 1.1.2 | 5.51 | 67.16 | 72.67 | NOTE | |
r-release-linux-x86_64 | 1.1.2 | 6.98 | 68.96 | 75.94 | NOTE | |
r-release-macos-arm64 | 1.1.2 | 40.00 | NOTE | |||
r-release-macos-x86_64 | 1.1.2 | 45.00 | NOTE | |||
r-release-windows-x86_64 | 1.1.2 | 9.00 | 81.00 | 90.00 | NOTE | |
r-oldrel-macos-arm64 | 1.1.2 | 28.00 | NOTE | |||
r-oldrel-windows-x86_64 | 1.1.2 | 10.00 | 84.00 | 94.00 | NOTE |
Version: 1.1.2
Check: LazyData
Result: NOTE
'LazyData' is specified without a 'data' directory
Flavors: r-devel-linux-x86_64-debian-clang, r-devel-linux-x86_64-debian-gcc, r-devel-linux-x86_64-fedora-clang, r-devel-linux-x86_64-fedora-gcc, r-prerel-macos-arm64, r-prerel-windows-x86_64, r-patched-linux-x86_64, r-release-linux-x86_64, r-release-macos-arm64, r-release-macos-x86_64, r-release-windows-x86_64, r-oldrel-macos-arm64, r-oldrel-windows-x86_64