Last updated on 2024-03-28 19:48:37 CET.
Flavor | Version | Tinstall | Tcheck | Ttotal | Status | Flags |
---|---|---|---|---|---|---|
r-devel-linux-x86_64-debian-clang | 1.0.1 | 3.24 | 41.03 | 44.27 | NOTE | |
r-devel-linux-x86_64-debian-gcc | 1.0.1 | 2.43 | 30.94 | 33.37 | NOTE | |
r-devel-linux-x86_64-fedora-clang | 1.0.1 | 55.72 | NOTE | |||
r-devel-linux-x86_64-fedora-gcc | 1.0.1 | 66.94 | NOTE | |||
r-devel-windows-x86_64 | 1.0.1 | 3.00 | 53.00 | 56.00 | OK | |
r-patched-linux-x86_64 | 1.0.1 | 2.99 | 40.50 | 43.49 | NOTE | |
r-release-linux-x86_64 | 1.0.1 | 2.91 | 39.62 | 42.53 | NOTE | |
r-release-macos-arm64 | 1.0.1 | 29.00 | OK | |||
r-release-macos-x86_64 | 1.0.1 | 38.00 | OK | |||
r-release-windows-x86_64 | 1.0.1 | 4.00 | 62.00 | 66.00 | OK | |
r-oldrel-macos-arm64 | 1.0.1 | 22.00 | OK | |||
r-oldrel-windows-x86_64 | 1.0.1 | 4.00 | 67.00 | 71.00 | OK |
Version: 1.0.1
Check: for non-standard things in the check directory
Result: NOTE
Found the following files/directories:
‘MetProc_output.pdf’ ‘sample_removed.csv’ ‘sample_retained.csv’
Flavors: r-devel-linux-x86_64-debian-clang, r-devel-linux-x86_64-debian-gcc, r-devel-linux-x86_64-fedora-clang, r-devel-linux-x86_64-fedora-gcc, r-patched-linux-x86_64, r-release-linux-x86_64