Last updated on 2025-04-29 21:49:54 CEST.
Flavor | Version | Tinstall | Tcheck | Ttotal | Status | Flags |
---|---|---|---|---|---|---|
r-devel-linux-x86_64-debian-clang | 1.1.0 | 30.91 | 608.57 | 639.48 | NOTE | |
r-devel-linux-x86_64-debian-gcc | 1.1.0 | 23.49 | 396.62 | 420.11 | NOTE | |
r-devel-linux-x86_64-fedora-clang | 1.1.0 | 1113.30 | OK | |||
r-devel-linux-x86_64-fedora-gcc | 1.1.0 | 977.28 | OK | |||
r-devel-windows-x86_64 | 1.1.0 | 36.00 | 565.00 | 601.00 | OK | |
r-patched-linux-x86_64 | 1.1.0 | 34.63 | 569.21 | 603.84 | OK | |
r-release-linux-x86_64 | 1.1.0 | 35.20 | 569.02 | 604.22 | OK | |
r-release-macos-arm64 | 1.1.0 | 241.00 | OK | |||
r-release-macos-x86_64 | 1.1.0 | 560.00 | OK | |||
r-release-windows-x86_64 | 1.1.0 | 35.00 | 603.00 | 638.00 | OK | |
r-oldrel-macos-arm64 | 1.1.0 | 240.00 | OK | |||
r-oldrel-macos-x86_64 | 1.1.0 | 430.00 | OK | |||
r-oldrel-windows-x86_64 | 1.1.0 | 45.00 | 753.00 | 798.00 | OK |
Version: 1.1.0
Check: examples
Result: NOTE
Examples with CPU (user + system) or elapsed time > 5s
user system elapsed
plotly_scatter 8.793 0.066 12.009
calculate_cv 8.027 0.116 10.645
plotly_network 6.448 0.070 8.439
calculate_anova 5.931 0.042 7.072
plot_network 5.471 0.032 6.784
plotly_vulcano 4.891 0.031 6.218
calculate_log2FC 4.615 0.067 6.020
log2FC 4.532 0.040 5.477
plot_log2FC 4.389 0.008 5.750
Flavor: r-devel-linux-x86_64-debian-clang
Version: 1.1.0
Check: examples
Result: NOTE
Examples with CPU (user + system) or elapsed time > 5s
user system elapsed
plotly_scatter 5.197 0.056 6.432
calculate_cv 4.304 0.111 5.817
plotly_network 3.952 0.126 5.593
Flavor: r-devel-linux-x86_64-debian-gcc