CRAN Package Check Results for Package Mega2R

Last updated on 2022-11-27 19:51:35 CET.

Flavor Version Tinstall Tcheck Ttotal Status Flags
r-devel-linux-x86_64-debian-clang 1.0.9 68.53 508.11 576.64 OK
r-devel-linux-x86_64-debian-gcc 1.0.9 55.13 390.52 445.65 OK
r-devel-linux-x86_64-fedora-clang 1.0.9 775.74 OK
r-devel-linux-x86_64-fedora-gcc 1.0.9 756.81 OK
r-devel-windows-x86_64 1.0.9 77.00 581.00 658.00 OK
r-patched-linux-x86_64 1.0.9 62.78 486.84 549.62 OK
r-release-linux-x86_64 1.0.9 59.53 493.36 552.89 OK
r-release-macos-arm64 1.0.9 139.00 NOTE
r-release-macos-x86_64 1.0.9 320.00 OK
r-release-windows-x86_64 1.0.9 98.00 563.00 661.00 OK
r-oldrel-macos-arm64 1.0.9 168.00 OK
r-oldrel-macos-x86_64 1.0.9 248.00 OK
r-oldrel-windows-ix86+x86_64 1.0.9 131.00 741.00 872.00 OK

Check Details

Version: 1.0.9
Check: package dependencies
Result: NOTE
    Package suggested but not available for checking: ‘TxDb.Hsapiens.UCSC.hg19.knownGene’
Flavor: r-release-macos-arm64