Last updated on 2025-05-03 21:51:23 CEST.
Flavor | Version | Tinstall | Tcheck | Ttotal | Status | Flags |
---|---|---|---|---|---|---|
r-devel-linux-x86_64-debian-clang | 4.1-2 | 3.96 | 19.96 | 23.92 | NOTE | |
r-devel-linux-x86_64-debian-gcc | 4.1-2 | 3.11 | 15.70 | 18.81 | NOTE | |
r-devel-linux-x86_64-fedora-clang | 4.1-2 | 37.13 | OK | |||
r-devel-linux-x86_64-fedora-gcc | 4.1-2 | 37.93 | OK | |||
r-devel-windows-x86_64 | 4.1-2 | 7.00 | 48.00 | 55.00 | OK | |
r-patched-linux-x86_64 | 4.1-2 | 3.67 | 19.04 | 22.71 | OK | |
r-release-linux-x86_64 | OK | |||||
r-release-macos-arm64 | 4.1-2 | 16.00 | OK | |||
r-release-macos-x86_64 | 4.1-2 | 26.00 | OK | |||
r-release-windows-x86_64 | 4.1-2 | 8.00 | 47.00 | 55.00 | OK | |
r-oldrel-macos-arm64 | 4.1-2 | 17.00 | OK | |||
r-oldrel-macos-x86_64 | 4.1-2 | 24.00 | OK | |||
r-oldrel-windows-x86_64 | 4.1-2 | 9.00 | 51.00 | 60.00 | OK |
Version: 4.1-2
Check: CRAN incoming feasibility
Result: NOTE
Maintainer: ‘Shan Ba <shanbatr@gmail.com>’
No Authors@R field in DESCRIPTION.
Please add one, modifying
Authors@R: c(person(given = "Shan",
family = "Ba",
role = c("aut", "cre"),
email = "shanbatr@gmail.com"),
person(given = c("V.", "Roshan"),
family = "Joseph",
role = "aut"))
as necessary.
Flavors: r-devel-linux-x86_64-debian-clang, r-devel-linux-x86_64-debian-gcc