Last updated on 2023-06-06 21:00:57 CEST.
Flavor | Version | Tinstall | Tcheck | Ttotal | Status | Flags |
---|---|---|---|---|---|---|
r-devel-linux-x86_64-debian-clang | 0.2 | 34.32 | 48.27 | 82.59 | NOTE | |
r-devel-linux-x86_64-debian-gcc | 0.2 | 27.16 | 38.35 | 65.51 | NOTE | |
r-devel-linux-x86_64-fedora-clang | 0.2 | 114.69 | NOTE | |||
r-devel-linux-x86_64-fedora-gcc | 0.2 | 112.85 | NOTE | |||
r-devel-windows-x86_64 | 0.2 | 29.00 | 80.00 | 109.00 | NOTE | |
r-patched-linux-x86_64 | 0.2 | 33.64 | 47.35 | 80.99 | NOTE | |
r-release-linux-x86_64 | 0.2 | 26.75 | 47.46 | 74.21 | NOTE | |
r-release-macos-arm64 | 0.2 | 42.00 | NOTE | |||
r-release-macos-x86_64 | 0.2 | 55.00 | NOTE | |||
r-release-windows-x86_64 | 0.2 | 35.00 | 84.00 | 119.00 | NOTE | |
r-oldrel-macos-arm64 | 0.2 | 38.00 | NOTE | |||
r-oldrel-macos-x86_64 | 0.2 | 43.00 | NOTE | |||
r-oldrel-windows-x86_64 | 0.2 | 35.00 | 80.00 | 115.00 | NOTE |
Version: 0.2
Check: LazyData
Result: NOTE
'LazyData' is specified without a 'data' directory
Flavors: r-devel-linux-x86_64-debian-clang, r-devel-linux-x86_64-debian-gcc, r-devel-linux-x86_64-fedora-clang, r-devel-linux-x86_64-fedora-gcc, r-devel-windows-x86_64, r-patched-linux-x86_64, r-release-linux-x86_64, r-release-macos-arm64, r-release-macos-x86_64, r-release-windows-x86_64, r-oldrel-macos-arm64, r-oldrel-macos-x86_64, r-oldrel-windows-x86_64