Last updated on 2024-04-18 21:56:56 CEST.
Flavor | Version | Tinstall | Tcheck | Ttotal | Status | Flags |
---|---|---|---|---|---|---|
r-devel-linux-x86_64-debian-clang | 0.1.15 | 150.81 | 227.57 | 378.38 | OK | |
r-devel-linux-x86_64-debian-gcc | 0.1.15 | 129.44 | 161.87 | 291.31 | OK | |
r-devel-linux-x86_64-fedora-clang | 0.1.15 | 504.23 | OK | |||
r-devel-linux-x86_64-fedora-gcc | 0.1.15 | 560.18 | OK | |||
r-prerel-macos-arm64 | 0.1.15 | 172.00 | NOTE | |||
r-prerel-macos-x86_64 | 0.1.15 | 217.00 | NOTE | |||
r-prerel-windows-x86_64 | 0.1.15 | 126.00 | 183.00 | 309.00 | OK | |
r-patched-linux-x86_64 | 0.1.15 | 157.61 | 214.79 | 372.40 | OK | |
r-release-linux-x86_64 | 0.1.15 | 156.40 | 216.03 | 372.43 | OK | |
r-release-macos-arm64 | 0.1.15 | 124.00 | NOTE | |||
r-release-macos-x86_64 | 0.1.15 | 268.00 | NOTE | |||
r-release-windows-x86_64 | 0.1.15 | 160.00 | 242.00 | 402.00 | OK | |
r-oldrel-macos-arm64 | 0.1.15 | 113.00 | NOTE | |||
r-oldrel-windows-x86_64 | 0.1.15 | 145.00 | 228.00 | 373.00 | OK |
Version: 0.1.15
Check: installed package size
Result: NOTE
installed size is 11.3Mb
sub-directories of 1Mb or more:
R 2.1Mb
libs 9.0Mb
Flavors: r-prerel-macos-arm64, r-prerel-macos-x86_64, r-release-macos-arm64, r-release-macos-x86_64, r-oldrel-macos-arm64