Last updated on 2024-08-15 20:48:19 CEST.
Flavor | Version | Tinstall | Tcheck | Ttotal | Status | Flags |
---|---|---|---|---|---|---|
r-devel-linux-x86_64-debian-clang | 1.7-0 | 293.18 | 320.90 | 614.08 | OK | |
r-devel-linux-x86_64-debian-gcc | 1.7-0 | 212.58 | 218.67 | 431.25 | OK | |
r-devel-linux-x86_64-fedora-clang | 1.7-0 | 983.14 | OK | |||
r-devel-linux-x86_64-fedora-gcc | 1.7-0 | 1109.49 | OK | |||
r-devel-windows-x86_64 | 1.7-0 | 398.00 | 418.00 | 816.00 | OK | |
r-patched-linux-x86_64 | 1.7-0 | 305.54 | 300.84 | 606.38 | OK | |
r-release-linux-x86_64 | 1.7-0 | 303.22 | 300.69 | 603.91 | OK | |
r-release-macos-arm64 | 1.7-0 | 246.00 | OK | |||
r-release-macos-x86_64 | 1.7-0 | 457.00 | OK | |||
r-release-windows-x86_64 | 1.7-0 | 399.00 | 436.00 | 835.00 | OK | |
r-oldrel-macos-arm64 | 1.6-5 | 228.00 | NOTE | |||
r-oldrel-macos-x86_64 | 1.6-5 | 525.00 | NOTE | |||
r-oldrel-windows-x86_64 | 1.6-5 | 281.00 | 512.00 | 793.00 | OK |
Version: 1.6-5
Check: R code for possible problems
Result: NOTE
qr.X: no visible binding for global variable ‘R’
Undefined global functions or variables:
R
Flavors: r-oldrel-macos-arm64, r-oldrel-macos-x86_64