CRAN Package Check Results for Package MatchIt

Last updated on 2024-07-12 21:50:03 CEST.

Flavor Version Tinstall Tcheck Ttotal Status Flags
r-devel-linux-x86_64-debian-clang 4.5.5 110.26 216.49 326.75 NOTE
r-devel-linux-x86_64-debian-gcc 4.5.5 81.12 158.33 239.45 NOTE
r-devel-linux-x86_64-fedora-clang 4.5.5 453.63 NOTE
r-devel-linux-x86_64-fedora-gcc 4.5.5 481.62 NOTE
r-devel-windows-x86_64 4.5.5 89.00 211.00 300.00 NOTE
r-patched-linux-x86_64 4.5.5 95.42 204.09 299.51 NOTE
r-release-linux-x86_64 4.5.5 86.26 202.47 288.73 NOTE
r-release-macos-arm64 4.5.5 109.00 NOTE
r-release-macos-x86_64 4.5.5 191.00 NOTE
r-release-windows-x86_64 4.5.5 90.00 208.00 298.00 NOTE
r-oldrel-macos-arm64 4.5.5 124.00 NOTE
r-oldrel-macos-x86_64 4.5.5 256.00 NOTE
r-oldrel-windows-x86_64 4.5.5 109.00 244.00 353.00 NOTE

Check Details

Version: 4.5.5
Check: package dependencies
Result: NOTE Package suggested but not available for checking: ‘gurobi’ Flavors: r-devel-linux-x86_64-debian-clang, r-devel-linux-x86_64-debian-gcc, r-devel-linux-x86_64-fedora-clang, r-devel-linux-x86_64-fedora-gcc, r-devel-windows-x86_64, r-patched-linux-x86_64, r-release-linux-x86_64, r-release-macos-arm64, r-release-macos-x86_64, r-release-windows-x86_64, r-oldrel-macos-arm64, r-oldrel-macos-x86_64, r-oldrel-windows-x86_64

Version: 4.5.5
Check: installed package size
Result: NOTE installed size is 5.8Mb sub-directories of 1Mb or more: doc 1.4Mb libs 3.3Mb Flavors: r-release-macos-arm64, r-release-macos-x86_64, r-oldrel-macos-arm64, r-oldrel-macos-x86_64