Last updated on 2023-10-02 21:09:27 CEST.
Flavor | Version | Tinstall | Tcheck | Ttotal | Status | Flags |
---|---|---|---|---|---|---|
r-devel-linux-x86_64-debian-clang | 4.5.4 | 104.84 | 220.06 | 324.90 | NOTE | |
r-devel-linux-x86_64-debian-gcc | 4.5.4 | 76.68 | 160.03 | 236.71 | NOTE | |
r-devel-linux-x86_64-fedora-clang | 4.5.4 | 437.50 | NOTE | |||
r-devel-linux-x86_64-fedora-gcc | 4.5.4 | 474.03 | NOTE | |||
r-devel-windows-x86_64 | 4.5.4 | 82.00 | 217.00 | 299.00 | NOTE | |
r-patched-linux-x86_64 | 4.5.4 | 113.93 | 208.38 | 322.31 | NOTE | |
r-release-linux-x86_64 | 4.5.4 | 103.43 | 203.60 | 307.03 | NOTE | |
r-release-macos-arm64 | 4.5.4 | 122.00 | NOTE | |||
r-release-macos-x86_64 | 4.5.4 | 268.00 | NOTE | |||
r-release-windows-x86_64 | 4.5.4 | 105.00 | 258.00 | 363.00 | NOTE | |
r-oldrel-macos-arm64 | 4.5.4 | 119.00 | NOTE | |||
r-oldrel-macos-x86_64 | 4.5.4 | 146.00 | NOTE | |||
r-oldrel-windows-x86_64 | 4.5.4 | 100.00 | 245.00 | 345.00 | NOTE |
Version: 4.5.4
Check: package dependencies
Result: NOTE
Package suggested but not available for checking: ‘gurobi’
Flavors: r-devel-linux-x86_64-debian-clang, r-devel-linux-x86_64-debian-gcc, r-devel-linux-x86_64-fedora-clang, r-devel-linux-x86_64-fedora-gcc, r-devel-windows-x86_64, r-patched-linux-x86_64, r-release-linux-x86_64, r-release-macos-arm64, r-release-macos-x86_64, r-release-windows-x86_64, r-oldrel-macos-arm64, r-oldrel-macos-x86_64, r-oldrel-windows-x86_64
Version: 4.5.4
Check: installed package size
Result: NOTE
installed size is 6.0Mb
sub-directories of 1Mb or more:
doc 1.4Mb
libs 3.5Mb
Flavors: r-release-macos-arm64, r-release-macos-x86_64, r-oldrel-macos-arm64, r-oldrel-macos-x86_64