CRAN Package Check Results for Package MarkowitzR

Last updated on 2025-05-06 20:50:45 CEST.

Flavor Version Tinstall Tcheck Ttotal Status Flags
r-devel-linux-x86_64-debian-clang 1.0.3 1.86 52.76 54.62 NOTE
r-devel-linux-x86_64-debian-gcc 1.0.3 1.59 42.83 44.42 NOTE
r-devel-linux-x86_64-fedora-clang 1.0.3 84.94 OK
r-devel-linux-x86_64-fedora-gcc 1.0.3 99.84 OK
r-devel-windows-x86_64 1.0.3 4.00 108.00 112.00 OK
r-patched-linux-x86_64 1.0.3 2.04 50.61 52.65 OK
r-release-linux-x86_64 1.0.3 1.58 50.68 52.26 OK
r-release-macos-arm64 1.0.3 51.00 OK
r-release-macos-x86_64 1.0.3 79.00 OK
r-release-windows-x86_64 1.0.3 4.00 107.00 111.00 OK
r-oldrel-macos-arm64 1.0.3 40.00 OK
r-oldrel-macos-x86_64 1.0.3 105.00 OK
r-oldrel-windows-x86_64 1.0.3 3.00 112.00 115.00 OK

Check Details

Version: 1.0.3
Check: CRAN incoming feasibility
Result: NOTE Maintainer: ‘Steven E. Pav <shabbychef@gmail.com>’ The Description field contains <arxiv:1312.0557>. Please refer to arXiv e-prints via their arXiv DOI <doi:10.48550/arXiv.YYMM.NNNNN>. Flavors: r-devel-linux-x86_64-debian-clang, r-devel-linux-x86_64-debian-gcc