Last updated on 2025-07-12 20:50:35 CEST.
Flavor | Version | Tinstall | Tcheck | Ttotal | Status | Flags |
---|---|---|---|---|---|---|
r-devel-linux-x86_64-debian-clang | 1.0.3 | 1.95 | 54.36 | 56.31 | NOTE | |
r-devel-linux-x86_64-debian-gcc | 1.0.3 | 1.59 | 42.84 | 44.43 | NOTE | |
r-devel-linux-x86_64-fedora-clang | 1.0.3 | 84.71 | OK | |||
r-devel-linux-x86_64-fedora-gcc | 1.0.3 | 99.51 | OK | |||
r-devel-windows-x86_64 | 1.0.3 | 5.00 | 106.00 | 111.00 | OK | |
r-patched-linux-x86_64 | 1.0.3 | 1.85 | 50.20 | 52.05 | OK | |
r-release-linux-x86_64 | 1.0.3 | 1.73 | 50.12 | 51.85 | OK | |
r-release-macos-arm64 | 1.0.3 | 51.00 | OK | |||
r-release-macos-x86_64 | 1.0.3 | 79.00 | OK | |||
r-release-windows-x86_64 | 1.0.3 | 3.00 | 107.00 | 110.00 | OK | |
r-oldrel-macos-arm64 | 1.0.3 | 40.00 | OK | |||
r-oldrel-macos-x86_64 | 1.0.3 | 105.00 | OK | |||
r-oldrel-windows-x86_64 | 1.0.3 | 3.00 | 110.00 | 113.00 | OK |
Version: 1.0.3
Check: CRAN incoming feasibility
Result: NOTE
Maintainer: ‘Steven E. Pav <shabbychef@gmail.com>’
The Description field contains
<arxiv:1312.0557>.
Please refer to arXiv e-prints via their arXiv DOI <doi:10.48550/arXiv.YYMM.NNNNN>.
Flavors: r-devel-linux-x86_64-debian-clang, r-devel-linux-x86_64-debian-gcc