Last updated on 2023-03-21 19:57:16 CET.
Flavor | Version | Tinstall | Tcheck | Ttotal | Status | Flags |
---|---|---|---|---|---|---|
r-devel-linux-x86_64-debian-clang | 1.0 | 1.89 | 26.34 | 28.23 | NOTE | |
r-devel-linux-x86_64-debian-gcc | 1.0 | 1.68 | 20.29 | 21.97 | NOTE | |
r-devel-linux-x86_64-fedora-clang | 1.0 | 35.78 | NOTE | |||
r-devel-linux-x86_64-fedora-gcc | 1.0 | 57.90 | NOTE | |||
r-devel-windows-x86_64 | 1.0 | 26.00 | 57.00 | 83.00 | NOTE | |
r-patched-linux-x86_64 | 1.0 | 2.02 | 26.57 | 28.59 | NOTE | |
r-release-linux-x86_64 | 1.0 | 1.99 | 26.12 | 28.11 | NOTE | |
r-release-macos-arm64 | 1.0 | 19.00 | NOTE | |||
r-release-macos-x86_64 | 1.0 | 29.00 | NOTE | |||
r-release-windows-x86_64 | 1.0 | 27.00 | 56.00 | 83.00 | NOTE | |
r-oldrel-macos-arm64 | 1.0 | 22.00 | NOTE | |||
r-oldrel-macos-x86_64 | 1.0 | 46.00 | NOTE | |||
r-oldrel-windows-ix86+x86_64 | 1.0 | 5.00 | 52.00 | 57.00 | NOTE |
Version: 1.0
Check: LazyData
Result: NOTE
'LazyData' is specified without a 'data' directory
Flavors: r-devel-linux-x86_64-debian-clang, r-devel-linux-x86_64-debian-gcc, r-devel-linux-x86_64-fedora-clang, r-devel-linux-x86_64-fedora-gcc, r-devel-windows-x86_64, r-patched-linux-x86_64, r-release-linux-x86_64, r-release-macos-arm64, r-release-macos-x86_64, r-release-windows-x86_64, r-oldrel-macos-arm64, r-oldrel-macos-x86_64, r-oldrel-windows-ix86+x86_64