Last updated on 2024-07-17 20:57:04 CEST.
Flavor | Version | Tinstall | Tcheck | Ttotal | Status | Flags |
---|---|---|---|---|---|---|
r-devel-linux-x86_64-debian-clang | 0.6.2 | 9.71 | 97.23 | 106.94 | NOTE | |
r-devel-linux-x86_64-debian-gcc | 0.6.2 | 9.63 | 70.62 | 80.25 | NOTE | |
r-devel-linux-x86_64-fedora-clang | 0.6.2 | 137.62 | NOTE | |||
r-devel-linux-x86_64-fedora-gcc | 0.6.2 | 136.03 | NOTE | |||
r-devel-windows-x86_64 | 0.6.2 | 13.00 | 90.00 | 103.00 | NOTE | |
r-patched-linux-x86_64 | 0.6.2 | 11.88 | 91.23 | 103.11 | NOTE | |
r-release-linux-x86_64 | 0.6.2 | 9.28 | 88.15 | 97.43 | NOTE | |
r-release-macos-arm64 | 0.6.2 | 38.00 | NOTE | |||
r-release-macos-x86_64 | 0.6.2 | 61.00 | NOTE | |||
r-release-windows-x86_64 | 0.6.2 | 11.00 | 91.00 | 102.00 | NOTE | |
r-oldrel-macos-arm64 | 0.6.2 | 40.00 | NOTE | |||
r-oldrel-macos-x86_64 | 0.6.2 | 66.00 | NOTE | |||
r-oldrel-windows-x86_64 | 0.6.2 | 14.00 | 106.00 | 120.00 | NOTE |
Version: 0.6.2
Check: LazyData
Result: NOTE
'LazyData' is specified without a 'data' directory
Flavors: r-devel-linux-x86_64-debian-clang, r-devel-linux-x86_64-debian-gcc, r-devel-linux-x86_64-fedora-clang, r-devel-linux-x86_64-fedora-gcc, r-devel-windows-x86_64, r-patched-linux-x86_64, r-release-linux-x86_64, r-release-macos-arm64, r-release-macos-x86_64, r-release-windows-x86_64, r-oldrel-macos-arm64, r-oldrel-macos-x86_64, r-oldrel-windows-x86_64