Last updated on 2024-03-28 19:48:38 CET.
Flavor | Version | Tinstall | Tcheck | Ttotal | Status | Flags |
---|---|---|---|---|---|---|
r-devel-linux-x86_64-debian-clang | 1.5.5 | 99.65 | 603.05 | 702.70 | NOTE | |
r-devel-linux-x86_64-debian-gcc | 1.5.5 | 77.75 | 433.84 | 511.59 | NOTE | |
r-devel-linux-x86_64-fedora-clang | 1.5.5 | 901.98 | NOTE | |||
r-devel-linux-x86_64-fedora-gcc | 1.5.5 | 835.27 | NOTE | |||
r-devel-windows-x86_64 | 1.5.5 | 73.00 | 466.00 | 539.00 | NOTE | |
r-patched-linux-x86_64 | 1.5.5 | 104.27 | 577.55 | 681.82 | NOTE | |
r-release-linux-x86_64 | 1.5.5 | 65.20 | 580.79 | 645.99 | OK | |
r-release-macos-arm64 | 1.5.5 | 208.00 | OK | |||
r-release-macos-x86_64 | 1.5.5 | 363.00 | OK | |||
r-release-windows-x86_64 | 1.5.5 | 105.00 | 578.00 | 683.00 | OK | |
r-oldrel-macos-arm64 | 1.5.5 | 137.00 | NOTE | |||
r-oldrel-windows-x86_64 | 1.5.5 | 106.00 | 586.00 | 692.00 | OK |
Version: 1.5.5
Check: Rd files
Result: NOTE
checkRd: (-1) bbc.Rd:39: Lost braces
39 | The "nbdev.mxm" (negative binomial deviance) is missing. For more information on these see \code{\link{cv.ses}}. bold{Note} that they come with "".
| ^
checkRd: (-1) cv.fbed.lmm.reg.Rd:32: Lost braces; missing escapes or markup?
32 | The folds of the data to use (a list generated by the function generateCVRuns {TunePareto}). If NULL the folds are created internally with the same function.
| ^
checkRd: (-1) cv.gomp.Rd:29: Lost braces; missing escapes or markup?
29 | The folds of the data to use (a list generated by the function generateCVRuns {TunePareto}). If NULL the folds are created internally with the same function.
| ^
checkRd: (-1) cv.ses.Rd:94: Lost braces; missing escapes or markup?
94 | The folds of the data to use (a list generated by the function generateCVRuns {TunePareto}). If NULL the folds are created internally with the same function.
| ^
Flavors: r-devel-linux-x86_64-debian-clang, r-devel-linux-x86_64-debian-gcc, r-devel-linux-x86_64-fedora-clang, r-devel-linux-x86_64-fedora-gcc, r-devel-windows-x86_64, r-patched-linux-x86_64
Version: 1.5.5
Check: dependencies in R code
Result: NOTE
Namespace in Imports field not imported from: ‘knitr’
All declared Imports should be used.
Flavors: r-devel-linux-x86_64-fedora-clang, r-devel-linux-x86_64-fedora-gcc, r-oldrel-macos-arm64