Last updated on 2024-03-27 19:56:57 CET.
Flavor | Version | Tinstall | Tcheck | Ttotal | Status | Flags |
---|---|---|---|---|---|---|
r-devel-linux-x86_64-debian-clang | 1.2.0 | 2.59 | 32.91 | 35.50 | NOTE | |
r-devel-linux-x86_64-debian-gcc | 1.2.0 | 2.29 | 25.29 | 27.58 | NOTE | |
r-devel-linux-x86_64-fedora-clang | 1.2.0 | 44.63 | NOTE | |||
r-devel-linux-x86_64-fedora-gcc | 1.2.0 | 42.24 | NOTE | |||
r-devel-windows-x86_64 | 1.2.0 | 4.00 | 56.00 | 60.00 | NOTE | |
r-patched-linux-x86_64 | 1.2.0 | 4.26 | 31.66 | 35.92 | NOTE | |
r-release-linux-x86_64 | 1.2.0 | 2.77 | 30.93 | 33.70 | NOTE | |
r-release-macos-arm64 | 1.2.0 | 19.00 | NOTE | |||
r-release-macos-x86_64 | 1.2.0 | 25.00 | NOTE | |||
r-release-windows-x86_64 | 1.2.0 | 3.00 | 56.00 | 59.00 | NOTE | |
r-oldrel-macos-arm64 | 1.2.0 | 19.00 | NOTE | |||
r-oldrel-windows-x86_64 | 1.2.0 | 5.00 | 54.00 | 59.00 | NOTE |
Version: 1.2.0
Check: LazyData
Result: NOTE
'LazyData' is specified without a 'data' directory
Flavors: r-devel-linux-x86_64-debian-clang, r-devel-linux-x86_64-debian-gcc, r-devel-linux-x86_64-fedora-clang, r-devel-linux-x86_64-fedora-gcc, r-devel-windows-x86_64, r-patched-linux-x86_64, r-release-linux-x86_64, r-release-macos-arm64, r-release-macos-x86_64, r-release-windows-x86_64, r-oldrel-macos-arm64, r-oldrel-windows-x86_64