Last updated on 2025-10-30 19:53:30 CET.
| Flavor | Version | Tinstall | Tcheck | Ttotal | Status | Flags | 
|---|---|---|---|---|---|---|
| r-devel-linux-x86_64-debian-clang | 1.2.1 | 51.12 | 157.63 | 208.75 | NOTE | |
| r-devel-linux-x86_64-debian-gcc | 1.2.1 | 31.75 | 102.41 | 134.16 | NOTE | |
| r-devel-linux-x86_64-fedora-clang | 1.2.1 | 106.00 | 221.77 | 327.77 | OK | |
| r-devel-linux-x86_64-fedora-gcc | 1.2.1 | 248.00 | 91.88 | 339.88 | OK | |
| r-devel-windows-x86_64 | 1.2.1 | 52.00 | 172.00 | 224.00 | OK | |
| r-patched-linux-x86_64 | 1.2.1 | 49.05 | 149.77 | 198.82 | OK | |
| r-release-linux-x86_64 | 1.2.1 | 50.94 | 149.24 | 200.18 | OK | |
| r-release-macos-arm64 | 1.2.1 | 26.00 | 62.00 | 88.00 | OK | |
| r-release-macos-x86_64 | 1.2.1 | 46.00 | 149.00 | 195.00 | OK | |
| r-release-windows-x86_64 | 1.2.1 | 54.00 | 177.00 | 231.00 | OK | |
| r-oldrel-macos-arm64 | 1.2.1 | 23.00 | 56.00 | 79.00 | NOTE | |
| r-oldrel-macos-x86_64 | 1.2.1 | 38.00 | 129.00 | 167.00 | NOTE | |
| r-oldrel-windows-x86_64 | 1.2.1 | 67.00 | 223.00 | 290.00 | OK | 
Version: 1.2.1
Check: CRAN incoming feasibility
Result: NOTE
  Maintainer: ‘Ruey S. Tsay <ruey.tsay@chicagobooth.edu>’
  
  No Authors@R field in DESCRIPTION.
  Please add one, modifying
    Authors@R: c(person(given = c("Ruey", "S."),
                        family = "Tsay",
                        role = c("aut", "cre"),
                        email = "ruey.tsay@chicagobooth.edu"),
                 person(given = "David",
                        family = "Wood",
                        role = "aut"),
                 person(given = "Jon",
                        family = "Lachmann",
                        role = "ctb"))
  as necessary.
Flavors: r-devel-linux-x86_64-debian-clang, r-devel-linux-x86_64-debian-gcc
Version: 1.2.1
Check: installed package size
Result: NOTE
    installed size is  5.2Mb
    sub-directories of 1Mb or more:
      libs   4.3Mb
Flavors: r-oldrel-macos-arm64, r-oldrel-macos-x86_64