CRAN Package Check Results for Package MTS

Last updated on 2025-01-22 20:49:36 CET.

Flavor Version Tinstall Tcheck Ttotal Status Flags
r-devel-linux-x86_64-debian-clang 1.2.1 48.47 151.39 199.86 OK
r-devel-linux-x86_64-debian-gcc 1.2.1 31.68 99.79 131.47 OK
r-devel-linux-x86_64-fedora-clang 1.2.1 330.97 OK
r-devel-linux-x86_64-fedora-gcc 1.2.1 310.87 OK
r-devel-windows-x86_64 1.2.1 49.00 171.00 220.00 OK
r-patched-linux-x86_64 1.2.1 48.37 142.09 190.46 OK
r-release-linux-x86_64 1.2.1 49.86 141.43 191.29 OK
r-release-macos-arm64 1.2.1 79.00 NOTE
r-release-macos-x86_64 1.2.1 167.00 NOTE
r-release-windows-x86_64 1.2.1 49.00 171.00 220.00 OK
r-oldrel-macos-arm64 1.2.1 90.00 OK
r-oldrel-macos-x86_64 1.2.1 148.00 OK
r-oldrel-windows-x86_64 1.2.1 55.00 207.00 262.00 OK

Check Details

Version: 1.2.1
Check: installed package size
Result: NOTE installed size is 5.2Mb sub-directories of 1Mb or more: libs 4.3Mb Flavors: r-release-macos-arm64, r-release-macos-x86_64