Last updated on 2023-11-27 19:52:46 CET.
Flavor | Version | Tinstall | Tcheck | Ttotal | Status | Flags |
---|---|---|---|---|---|---|
r-devel-linux-x86_64-debian-clang | 0.3.3 | 33.19 | 276.57 | 309.76 | NOTE | |
r-devel-linux-x86_64-debian-gcc | 0.3.3 | 28.41 | 225.35 | 253.76 | NOTE | |
r-devel-linux-x86_64-fedora-clang | 0.3.3 | 368.87 | OK | |||
r-devel-linux-x86_64-fedora-gcc | 0.3.3 | 370.17 | OK | |||
r-devel-windows-x86_64 | 0.3.3 | 30.00 | 191.00 | 221.00 | OK | |
r-patched-linux-x86_64 | 0.3.3 | 31.14 | 267.81 | 298.95 | OK | |
r-release-linux-x86_64 | 0.3.3 | 26.34 | 266.08 | 292.42 | OK | |
r-release-macos-arm64 | 0.3.3 | 84.00 | OK | |||
r-release-macos-x86_64 | 0.3.3 | 173.00 | OK | |||
r-release-windows-x86_64 | 0.3.3 | 39.00 | 250.00 | 289.00 | OK | |
r-oldrel-macos-arm64 | 0.3.3 | 100.00 | OK | |||
r-oldrel-macos-x86_64 | 0.3.3 | 144.00 | OK | |||
r-oldrel-windows-x86_64 | 0.3.3 | 40.00 | 259.00 | 299.00 | OK |
Version: 0.3.3
Check: Rd files
Result: NOTE
checkRd: (-1) SignalProcessing.Rd:42: Lost braces; missing escapes or markup?
42 | \item{calibrateIntensity_method}{a \code{character} indicating the intensities calibration method used (\code{"TIC"} method by default). This calibration method can be remplaced by \code{"PQN"} or {"median"}.See \code{calibrateIntensity-methods} of the \code{MALDIquant} R package for details.}
| ^
Flavors: r-devel-linux-x86_64-debian-clang, r-devel-linux-x86_64-debian-gcc