Last updated on 2025-05-09 20:49:56 CEST.
Flavor | Version | Tinstall | Tcheck | Ttotal | Status | Flags |
---|---|---|---|---|---|---|
r-devel-linux-x86_64-debian-clang | 1.5 | 1.56 | 15.84 | 17.40 | NOTE | |
r-devel-linux-x86_64-debian-gcc | 1.5 | 1.25 | 13.38 | 14.63 | NOTE | |
r-devel-linux-x86_64-fedora-clang | 1.5 | 27.18 | OK | |||
r-devel-linux-x86_64-fedora-gcc | 1.5 | 27.12 | OK | |||
r-devel-windows-x86_64 | 1.5 | 4.00 | 35.00 | 39.00 | OK | |
r-patched-linux-x86_64 | 1.5 | 1.33 | 15.55 | 16.88 | OK | |
r-release-linux-x86_64 | 1.5 | 1.41 | 15.23 | 16.64 | OK | |
r-release-macos-arm64 | 1.5 | 17.00 | OK | |||
r-release-macos-x86_64 | 1.5 | 23.00 | OK | |||
r-release-windows-x86_64 | 1.5 | 3.00 | 35.00 | 38.00 | OK | |
r-oldrel-macos-arm64 | 1.5 | 13.00 | OK | |||
r-oldrel-macos-x86_64 | 1.5 | 20.00 | OK | |||
r-oldrel-windows-x86_64 | 1.5 | 3.00 | 35.00 | 38.00 | OK |
Version: 1.5
Check: CRAN incoming feasibility
Result: NOTE
Maintainer: ‘Hasan BULUT <hasan.bulut@omu.edu.tr>’
No Authors@R field in DESCRIPTION.
Please add one, modifying
Authors@R: person(given = "Hasan",
family = "BULUT",
role = c("aut", "cre"),
email = "hasan.bulut@omu.edu.tr")
as necessary.
Flavors: r-devel-linux-x86_64-debian-clang, r-devel-linux-x86_64-debian-gcc