CRAN Package Check Results for Package MSGARCH

Last updated on 2022-09-28 21:51:42 CEST.

Flavor Version Tinstall Tcheck Ttotal Status Flags
r-devel-linux-x86_64-debian-clang 2.50 394.60 434.36 828.96 WARN
r-devel-linux-x86_64-debian-gcc 2.50 343.97 314.81 658.78 OK
r-devel-linux-x86_64-fedora-clang 2.50 1093.66 WARN
r-devel-linux-x86_64-fedora-gcc 2.50 1080.48 OK
r-devel-windows-x86_64 2.50 285.00 501.00 786.00 NOTE
r-patched-linux-x86_64 2.50 354.36 410.73 765.09 OK
r-release-linux-x86_64 2.50 361.75 411.43 773.18 OK
r-release-macos-arm64 2.50 227.00 NOTE
r-release-macos-x86_64 2.50 292.00 NOTE
r-release-windows-x86_64 2.50 285.00 493.00 778.00 NOTE
r-oldrel-macos-arm64 2.50 238.00 NOTE
r-oldrel-macos-x86_64 2.50 297.00 NOTE
r-oldrel-windows-ix86+x86_64 2.50 921.00 706.00 1627.00 NOTE

Additional issues

clang14

Check Details

Version: 2.50
Check: whether package can be installed
Result: WARN
    Found the following significant warnings:
     Mapping.cpp:53:9: warning: use of bitwise '|' with boolean operands [-Wbitwise-instead-of-logical]
     Mapping.cpp:61:9: warning: use of bitwise '|' with boolean operands [-Wbitwise-instead-of-logical]
     Mapping.cpp:91:9: warning: use of bitwise '|' with boolean operands [-Wbitwise-instead-of-logical]
     Mapping.cpp:99:9: warning: use of bitwise '|' with boolean operands [-Wbitwise-instead-of-logical]
Flavors: r-devel-linux-x86_64-debian-clang, r-devel-linux-x86_64-fedora-clang

Version: 2.50
Check: installed package size
Result: NOTE
     installed size is 6.9Mb
     sub-directories of 1Mb or more:
     libs 6.5Mb
Flavors: r-devel-linux-x86_64-fedora-clang, r-devel-windows-x86_64, r-release-macos-arm64, r-release-macos-x86_64, r-release-windows-x86_64, r-oldrel-macos-arm64, r-oldrel-macos-x86_64, r-oldrel-windows-ix86+x86_64