Last updated on 2025-02-21 19:50:33 CET.
Flavor | Version | Tinstall | Tcheck | Ttotal | Status | Flags |
---|---|---|---|---|---|---|
r-devel-linux-x86_64-debian-clang | 3.0 | 29.10 | 154.12 | 183.22 | OK | |
r-devel-linux-x86_64-debian-gcc | 3.0 | 20.94 | 109.89 | 130.83 | OK | |
r-devel-linux-x86_64-fedora-clang | 3.0 | 303.09 | OK | |||
r-devel-linux-x86_64-fedora-gcc | 3.0 | 291.42 | OK | |||
r-devel-macos-arm64 | 3.0 | 74.00 | OK | |||
r-devel-macos-x86_64 | 3.0 | 139.00 | OK | |||
r-devel-windows-x86_64 | 3.0 | 33.00 | 164.00 | 197.00 | OK | |
r-patched-linux-x86_64 | 3.0 | 33.18 | 146.61 | 179.79 | OK | |
r-release-linux-x86_64 | 3.0 | 28.55 | 144.15 | 172.70 | OK | |
r-release-macos-arm64 | 3.0 | 78.00 | NOTE | |||
r-release-macos-x86_64 | 3.0 | 159.00 | NOTE | |||
r-release-windows-x86_64 | 3.0 | 33.00 | 160.00 | 193.00 | NOTE | |
r-oldrel-macos-arm64 | 3.0 | 83.00 | NOTE | |||
r-oldrel-macos-x86_64 | 3.0 | 138.00 | NOTE | |||
r-oldrel-windows-x86_64 | 3.0 | 42.00 | 198.00 | 240.00 | NOTE |
Version: 3.0
Check: installed package size
Result: NOTE
installed size is 6.2Mb
sub-directories of 1Mb or more:
doc 3.3Mb
libs 1.7Mb
Flavors: r-release-macos-arm64, r-release-macos-x86_64, r-release-windows-x86_64, r-oldrel-macos-arm64, r-oldrel-macos-x86_64, r-oldrel-windows-x86_64