CRAN Package Check Results for Package MSCMT

Last updated on 2022-12-02 20:53:19 CET.

Flavor Version Tinstall Tcheck Ttotal Status Flags
r-devel-linux-x86_64-debian-clang 1.3.4 18.84 195.17 214.01 NOTE
r-devel-linux-x86_64-debian-gcc 1.3.4 14.40 135.36 149.76 NOTE
r-devel-linux-x86_64-fedora-clang 1.3.4 268.35 NOTE
r-devel-linux-x86_64-fedora-gcc 1.3.4 273.96 NOTE
r-devel-windows-x86_64 1.3.4 36.00 330.00 366.00 NOTE
r-patched-linux-x86_64 1.3.4 16.61 183.80 200.41 NOTE
r-release-linux-x86_64 1.3.4 16.71 176.54 193.25 NOTE
r-release-macos-arm64 1.3.4 114.00 NOTE
r-release-macos-x86_64 1.3.4 62.00 ERROR
r-release-windows-x86_64 1.3.4 36.00 318.00 354.00 NOTE
r-oldrel-macos-arm64 1.3.4 158.00 NOTE
r-oldrel-macos-x86_64 1.3.4 199.00 NOTE
r-oldrel-windows-ix86+x86_64 1.3.4 42.00 400.00 442.00 NOTE

Check Details

Version: 1.3.4
Check: LazyData
Result: NOTE
     'LazyData' is specified without a 'data' directory
Flavors: r-devel-linux-x86_64-debian-clang, r-devel-linux-x86_64-debian-gcc, r-devel-linux-x86_64-fedora-clang, r-devel-linux-x86_64-fedora-gcc, r-devel-windows-x86_64, r-patched-linux-x86_64, r-release-linux-x86_64, r-release-macos-arm64, r-release-macos-x86_64, r-release-windows-x86_64, r-oldrel-macos-arm64, r-oldrel-macos-x86_64, r-oldrel-windows-ix86+x86_64

Version: 1.3.4
Check: package dependencies
Result: NOTE
    Package suggested but not available for checking: ‘Synth’
Flavor: r-release-macos-x86_64

Version: 1.3.4
Check: Rd cross-references
Result: NOTE
    Package unavailable to check Rd xrefs: ‘Synth’
Flavor: r-release-macos-x86_64

Version: 1.3.4
Check: re-building of vignette outputs
Result: ERROR
    Error(s) in re-building vignettes:
     ...
    --- re-building ‘CheckingSynth.Rmd’ using rmarkdown
    Quitting from lines 45-69 (CheckingSynth.Rmd)
    Error: processing vignette 'CheckingSynth.Rmd' failed with diagnostics:
    there is no package called 'Synth'
    --- failed re-building ‘CheckingSynth.Rmd’
    
    --- re-building ‘UsingTimeSeries.Rmd’ using rmarkdown
    Quitting from lines 39-47 (UsingTimeSeries.Rmd)
    Error: processing vignette 'UsingTimeSeries.Rmd' failed with diagnostics:
    there is no package called 'Synth'
    --- failed re-building ‘UsingTimeSeries.Rmd’
    
    --- re-building ‘WorkingWithMSCMT.Rmd’ using rmarkdown
    Quitting from lines 51-55 (WorkingWithMSCMT.Rmd)
    Error: processing vignette 'WorkingWithMSCMT.Rmd' failed with diagnostics:
    there is no package called 'Synth'
    --- failed re-building ‘WorkingWithMSCMT.Rmd’
    
    SUMMARY: processing the following files failed:
     ‘CheckingSynth.Rmd’ ‘UsingTimeSeries.Rmd’ ‘WorkingWithMSCMT.Rmd’
    
    Error: Vignette re-building failed.
    Execution halted
Flavor: r-release-macos-x86_64