CRAN Package Check Results for Package MRTSampleSizeBinary

Last updated on 2023-10-04 20:42:33 CEST.

Flavor Version Tinstall Tcheck Ttotal Status Flags
r-devel-linux-x86_64-debian-clang 0.1.1 11.26 107.20 118.46 OK
r-devel-linux-x86_64-debian-gcc 0.1.1 7.63 78.23 85.86 OK
r-devel-linux-x86_64-fedora-clang 0.1.1 140.24 NOTE
r-devel-linux-x86_64-fedora-gcc 0.1.1 164.94 NOTE
r-devel-windows-x86_64 0.1.1 12.00 91.00 103.00 OK
r-patched-linux-x86_64 0.1.1 11.77 100.56 112.33 OK
r-release-linux-x86_64 0.1.1 10.38 101.52 111.90 OK
r-release-macos-arm64 0.1.1 56.00 OK
r-release-macos-x86_64 0.1.1 72.00 OK
r-release-windows-x86_64 0.1.1 14.00 107.00 121.00 OK
r-oldrel-macos-arm64 0.1.1 45.00 NOTE
r-oldrel-macos-x86_64 0.1.1 68.00 NOTE
r-oldrel-windows-x86_64 0.1.1 13.00 107.00 120.00 OK

Check Details

Version: 0.1.1
Check: dependencies in R code
Result: NOTE
    Namespace in Imports field not imported from: ‘dplyr’
     All declared Imports should be used.
Flavors: r-devel-linux-x86_64-fedora-clang, r-devel-linux-x86_64-fedora-gcc, r-oldrel-macos-arm64, r-oldrel-macos-x86_64