CRAN Package Check Results for Package MRTSampleSizeBinary

Last updated on 2022-09-28 21:51:42 CEST.

Flavor Version Tinstall Tcheck Ttotal Status Flags
r-devel-linux-x86_64-debian-clang 0.1.1 10.62 110.71 121.33 OK
r-devel-linux-x86_64-debian-gcc 0.1.1 8.64 82.33 90.97 OK
r-devel-linux-x86_64-fedora-clang 0.1.1 157.05 NOTE
r-devel-linux-x86_64-fedora-gcc 0.1.1 148.33 NOTE
r-devel-windows-x86_64 0.1.1 46.00 134.00 180.00 OK
r-patched-linux-x86_64 0.1.1 10.98 104.33 115.31 OK
r-release-linux-x86_64 0.1.1 9.73 102.31 112.04 OK
r-release-macos-arm64 0.1.1 45.00 NOTE
r-release-macos-x86_64 0.1.1 68.00 NOTE
r-release-windows-x86_64 0.1.1 15.00 130.00 145.00 OK
r-oldrel-macos-arm64 0.1.1 39.00 NOTE
r-oldrel-macos-x86_64 0.1.1 56.00 NOTE
r-oldrel-windows-ix86+x86_64 0.1.1 24.00 129.00 153.00 OK

Check Details

Version: 0.1.1
Check: dependencies in R code
Result: NOTE
    Namespace in Imports field not imported from: ‘dplyr’
     All declared Imports should be used.
Flavors: r-devel-linux-x86_64-fedora-clang, r-devel-linux-x86_64-fedora-gcc, r-release-macos-arm64, r-release-macos-x86_64, r-oldrel-macos-arm64, r-oldrel-macos-x86_64