Last updated on 2025-05-06 20:50:46 CEST.
Flavor | Version | Tinstall | Tcheck | Ttotal | Status | Flags |
---|---|---|---|---|---|---|
r-devel-linux-x86_64-debian-clang | 2.4 | 2.30 | 20.05 | 22.35 | NOTE | |
r-devel-linux-x86_64-debian-gcc | 2.4 | 1.92 | 16.50 | 18.42 | NOTE | |
r-devel-linux-x86_64-fedora-clang | 2.4 | 34.99 | OK | |||
r-devel-linux-x86_64-fedora-gcc | 2.4 | 34.54 | OK | |||
r-devel-windows-x86_64 | 2.4 | 6.00 | 43.00 | 49.00 | OK | |
r-patched-linux-x86_64 | 2.4 | 2.22 | 19.52 | 21.74 | OK | |
r-release-linux-x86_64 | 2.4 | 2.29 | 19.40 | 21.69 | OK | |
r-release-macos-arm64 | 2.4 | 21.00 | OK | |||
r-release-macos-x86_64 | 2.4 | 33.00 | OK | |||
r-release-windows-x86_64 | 2.4 | 6.00 | 42.00 | 48.00 | OK | |
r-oldrel-macos-arm64 | 2.4 | 17.00 | OK | |||
r-oldrel-macos-x86_64 | 2.4 | 25.00 | OK | |||
r-oldrel-windows-x86_64 | 2.4 | 6.00 | 41.00 | 47.00 | OK |
Version: 2.4
Check: CRAN incoming feasibility
Result: NOTE
Maintainer: ‘Adam J. Rothman <arothman@umn.edu>’
No Authors@R field in DESCRIPTION.
Please add one, modifying
Authors@R: person(given = c("Adam", "J."),
family = "Rothman",
role = c("aut", "cre"),
email = "arothman@umn.edu")
as necessary.
Flavors: r-devel-linux-x86_64-debian-clang, r-devel-linux-x86_64-debian-gcc