Last updated on 2023-09-22 20:51:59 CEST.
Flavor | Version | Tinstall | Tcheck | Ttotal | Status | Flags |
---|---|---|---|---|---|---|
r-devel-linux-x86_64-debian-clang | 3.0.2 | 75.52 | 112.98 | 188.50 | OK | |
r-devel-linux-x86_64-debian-gcc | 3.0.2 | 61.91 | 85.07 | 146.98 | OK | |
r-devel-linux-x86_64-fedora-clang | 3.0.2 | 231.03 | OK | |||
r-devel-linux-x86_64-fedora-gcc | 3.0.2 | 270.41 | OK | |||
r-devel-windows-x86_64 | 3.0.2 | 55.00 | 114.00 | 169.00 | OK | |
r-patched-linux-x86_64 | 3.0.2 | 81.82 | 107.25 | 189.07 | OK | |
r-release-linux-x86_64 | 3.0.2 | 80.79 | 109.09 | 189.88 | OK | |
r-release-macos-arm64 | 3.0.2 | 73.00 | NOTE | |||
r-release-macos-x86_64 | 3.0.2 | 115.00 | NOTE | |||
r-release-windows-x86_64 | 3.0.2 | 70.00 | 136.00 | 206.00 | OK | |
r-oldrel-macos-arm64 | 3.0.2 | 98.00 | NOTE | |||
r-oldrel-macos-x86_64 | 3.0.2 | 90.00 | NOTE | |||
r-oldrel-windows-x86_64 | 3.0.2 | 65.00 | 131.00 | 196.00 | OK |
Version: 3.0.2
Check: installed package size
Result: NOTE
installed size is 22.1Mb
sub-directories of 1Mb or more:
libs 21.4Mb
Flavors: r-release-macos-arm64, r-release-macos-x86_64, r-oldrel-macos-arm64, r-oldrel-macos-x86_64