Last updated on 2024-04-18 21:56:57 CEST.
Flavor | Version | Tinstall | Tcheck | Ttotal | Status | Flags |
---|---|---|---|---|---|---|
r-devel-linux-x86_64-debian-clang | 0.1.2 | 3.83 | 52.13 | 55.96 | OK | |
r-devel-linux-x86_64-debian-gcc | 0.1.2 | 2.83 | 38.08 | 40.91 | OK | |
r-devel-linux-x86_64-fedora-clang | 0.1.2 | 71.24 | OK | |||
r-devel-linux-x86_64-fedora-gcc | 0.1.2 | 80.20 | OK | |||
r-prerel-macos-arm64 | 0.1.2 | 32.00 | OK | |||
r-prerel-windows-x86_64 | 0.1.2 | 5.00 | 62.00 | 67.00 | OK | |
r-patched-linux-x86_64 | 0.1.2 | 7.81 | 49.91 | 57.72 | OK | |
r-release-linux-x86_64 | 0.1.2 | 3.80 | 48.51 | 52.31 | OK | |
r-release-macos-arm64 | 0.1.2 | 35.00 | OK | |||
r-release-macos-x86_64 | 0.1.2 | 67.00 | OK | |||
r-release-windows-x86_64 | 0.1.2 | 8.00 | 66.00 | 74.00 | OK | |
r-oldrel-macos-arm64 | 0.1.1 | 25.00 | NOTE |
Version: 0.1.1
Check: LazyData
Result: NOTE
'LazyData' is specified without a 'data' directory
Flavor: r-oldrel-macos-arm64