CRAN Package Check Results for Package MLML2R

Last updated on 2025-05-03 21:51:24 CEST.

Flavor Version Tinstall Tcheck Ttotal Status Flags
r-devel-linux-x86_64-debian-clang 0.3.3 2.07 25.83 27.90 NOTE
r-devel-linux-x86_64-debian-gcc 0.3.3 1.64 22.98 24.62 NOTE
r-devel-linux-x86_64-fedora-clang 0.3.3 47.44 OK
r-devel-linux-x86_64-fedora-gcc 0.3.3 61.52 OK
r-devel-windows-x86_64 0.3.3 4.00 49.00 53.00 OK
r-patched-linux-x86_64 0.3.3 2.11 25.04 27.15 OK
r-release-linux-x86_64 OK
r-release-macos-arm64 0.3.3 27.00 OK
r-release-macos-x86_64 0.3.3 49.00 OK
r-release-windows-x86_64 0.3.3 4.00 49.00 53.00 OK
r-oldrel-macos-arm64 0.3.3 25.00 NOTE
r-oldrel-macos-x86_64 0.3.3 39.00 NOTE
r-oldrel-windows-x86_64 0.3.3 5.00 54.00 59.00 OK

Check Details

Version: 0.3.3
Check: CRAN incoming feasibility
Result: NOTE Maintainer: ‘Samara Kiihl <samara@ime.unicamp.br>’ No Authors@R field in DESCRIPTION. Please add one, modifying Authors@R: c(person(given = "Samara", family = "Kiihl", role = c("aut", "cre"), email = "samara@ime.unicamp.br"), person(given = c("Maria", "Jose"), family = "Martinez-Garrido", role = "aut"), person(given = "Arce", family = "Domingo-Relloso", role = "aut"), person(given = "Jose", family = "Bermudez", role = "aut"), person(given = "Maria", family = "Tellez-Plaza", role = "aut")) as necessary. Package CITATION file contains call(s) to old-style personList() or as.personList(). Please use c() on person objects instead. Package CITATION file contains call(s) to old-style citEntry(). Please use bibentry() instead. Flavors: r-devel-linux-x86_64-debian-clang, r-devel-linux-x86_64-debian-gcc

Version: 0.3.3
Check: package dependencies
Result: NOTE Package suggested but not available for checking: ‘IlluminaHumanMethylation450kmanifest’ Flavors: r-oldrel-macos-arm64, r-oldrel-macos-x86_64