Last updated on 2024-04-24 20:54:13 CEST.
Flavor | Version | Tinstall | Tcheck | Ttotal | Status | Flags |
---|---|---|---|---|---|---|
r-devel-linux-x86_64-debian-clang | 1.0.0 | 15.30 | 120.38 | 135.68 | NOTE | |
r-devel-linux-x86_64-debian-gcc | 1.0.0 | 10.71 | 85.12 | 95.83 | NOTE | |
r-devel-linux-x86_64-fedora-clang | 1.0.0 | 164.96 | NOTE | |||
r-devel-linux-x86_64-fedora-gcc | 1.0.0 | 150.59 | NOTE | |||
r-devel-windows-x86_64 | 1.0.0 | 13.00 | 104.00 | 117.00 | NOTE | |
r-patched-linux-x86_64 | 1.0.0 | 18.97 | 112.05 | 131.02 | NOTE | |
r-release-linux-x86_64 | 1.0.0 | 13.53 | 114.35 | 127.88 | OK | |
r-release-macos-arm64 | 1.0.0 | 50.00 | OK | |||
r-release-windows-x86_64 | 1.0.0 | 13.00 | 99.00 | 112.00 | NOTE | |
r-oldrel-macos-arm64 | 1.0.0 | 42.00 | OK | |||
r-oldrel-macos-x86_64 | 1.0.0 | 83.00 | OK | |||
r-oldrel-windows-x86_64 | 1.0.0 | 17.00 | 124.00 | 141.00 | OK |
Version: 1.0.0
Check: Rd files
Result: NOTE
checkRd: (-1) MLGL.Rd:43: Lost braces; missing escapes or markup?
43 | \item{y}{vector of size n. If loss = "logit", elements of y must be in {-1,1}}
| ^
checkRd: (-1) cv.MLGL.Rd:25: Lost braces; missing escapes or markup?
25 | \item{y}{vector of size n. If loss = "logit", elements of y must be in {-1,1}}
| ^
checkRd: (-1) overlapgglasso.Rd:26: Lost braces; missing escapes or markup?
26 | \item{y}{vector of size n. If loss = "logit", elements of y must be in {-1,1}}
| ^
checkRd: (-1) stability.MLGL.Rd:25: Lost braces; missing escapes or markup?
25 | \item{y}{vector of size n. If loss = "logit", elements of y must be in {-1,1}}
| ^
Flavors: r-devel-linux-x86_64-debian-clang, r-devel-linux-x86_64-debian-gcc, r-devel-linux-x86_64-fedora-clang, r-devel-linux-x86_64-fedora-gcc, r-devel-windows-x86_64, r-patched-linux-x86_64, r-release-windows-x86_64