Last updated on 2025-05-09 20:49:55 CEST.
Flavor | Version | Tinstall | Tcheck | Ttotal | Status | Flags |
---|---|---|---|---|---|---|
r-devel-linux-x86_64-debian-clang | 0.5.1 | 2.95 | 45.62 | 48.57 | NOTE | |
r-devel-linux-x86_64-debian-gcc | 0.5.1 | 2.25 | 34.14 | 36.39 | NOTE | |
r-devel-linux-x86_64-fedora-clang | 0.5.1 | 76.44 | OK | |||
r-devel-linux-x86_64-fedora-gcc | 0.5.1 | 92.40 | OK | |||
r-devel-windows-x86_64 | 0.5.1 | 5.00 | 88.00 | 93.00 | OK | |
r-patched-linux-x86_64 | 0.5.1 | 3.38 | 42.54 | 45.92 | OK | |
r-release-linux-x86_64 | 0.5.1 | 2.97 | 42.57 | 45.54 | OK | |
r-release-macos-arm64 | 0.5.1 | 35.00 | OK | |||
r-release-macos-x86_64 | 0.5.1 | 62.00 | OK | |||
r-release-windows-x86_64 | 0.5.1 | 4.00 | 94.00 | 98.00 | OK | |
r-oldrel-macos-arm64 | 0.5.1 | 31.00 | OK | |||
r-oldrel-macos-x86_64 | 0.5.1 | 48.00 | OK | |||
r-oldrel-windows-x86_64 | 0.5.1 | 4.00 | 92.00 | 96.00 | OK |
Version: 0.5.1
Check: CRAN incoming feasibility
Result: NOTE
Maintainer: ‘Kenneth Knoblauch <ken.knoblauch@inserm.fr>’
No Authors@R field in DESCRIPTION.
Please add one, modifying
Authors@R: c(person(given = "Kenneth",
family = "Knoblauch",
role = c("aut", "cre"),
email = "ken.knoblauch@inserm.fr"),
person(given = c("Laurence", "T."),
family = "Maloney",
role = "aut"),
person(given = c("based", "in", "part", "on", "C", "code", "written", "by", "Laurence", "T."),
family = "Maloney",
role = "aut"),
person(given = c("J.", "N."),
family = "Yang",
role = "aut"))
as necessary.
Flavors: r-devel-linux-x86_64-debian-clang, r-devel-linux-x86_64-debian-gcc