Last updated on 2025-05-09 20:49:55 CEST.
Flavor | Version | Tinstall | Tcheck | Ttotal | Status | Flags |
---|---|---|---|---|---|---|
r-devel-linux-x86_64-debian-clang | 1.0.1 | 1.59 | 22.33 | 23.92 | NOTE | |
r-devel-linux-x86_64-debian-gcc | 1.0.1 | 1.31 | 18.14 | 19.45 | NOTE | |
r-devel-linux-x86_64-fedora-clang | 1.0.1 | 37.04 | OK | |||
r-devel-linux-x86_64-fedora-gcc | 1.0.1 | 36.03 | OK | |||
r-devel-windows-x86_64 | 1.0.1 | 2.00 | 50.00 | 52.00 | OK | |
r-patched-linux-x86_64 | 1.0.1 | 1.76 | 21.73 | 23.49 | OK | |
r-release-linux-x86_64 | 1.0.1 | 1.66 | 21.83 | 23.49 | OK | |
r-release-macos-arm64 | 1.0.1 | 18.00 | OK | |||
r-release-macos-x86_64 | 1.0.1 | 40.00 | OK | |||
r-release-windows-x86_64 | 1.0.1 | 2.00 | 50.00 | 52.00 | OK | |
r-oldrel-macos-arm64 | 1.0.1 | 18.00 | OK | |||
r-oldrel-macos-x86_64 | 1.0.1 | 23.00 | OK | |||
r-oldrel-windows-x86_64 | 1.0.1 | 3.00 | 50.00 | 53.00 | OK |
Version: 1.0.1
Check: CRAN incoming feasibility
Result: NOTE
Maintainer: ‘Thomas Jaki <thomas.jaki@protonmail.com>’
No Authors@R field in DESCRIPTION.
Please add one, modifying
Authors@R: person(given = "Thomas",
family = "Jaki",
role = c("aut", "cre"),
email = "thomas.jaki@protonmail.com")
as necessary.
Flavors: r-devel-linux-x86_64-debian-clang, r-devel-linux-x86_64-debian-gcc