Last updated on 2025-11-02 23:49:43 CET.
| Flavor | Version | Tinstall | Tcheck | Ttotal | Status | Flags |
|---|---|---|---|---|---|---|
| r-devel-linux-x86_64-debian-clang | 0.1.1 | 889.46 | 227.98 | 1117.44 | OK | |
| r-devel-linux-x86_64-debian-gcc | 0.1.1 | 831.34 | 227.83 | 1059.17 | OK | |
| r-devel-linux-x86_64-fedora-clang | 0.1.1 | 2580.00 | -848.81 | 1731.19 | NOTE | |
| r-devel-linux-x86_64-fedora-gcc | 0.1.1 | 5040.00 | -2630.81 | 2409.19 | NOTE | |
| r-devel-windows-x86_64 | 0.1.1 | 944.00 | 318.00 | 1262.00 | OK | |
| r-patched-linux-x86_64 | 0.1.1 | 1021.82 | 307.02 | 1328.84 | OK | |
| r-release-linux-x86_64 | 0.1.1 | 1072.20 | 305.91 | 1378.11 | OK | |
| r-release-macos-arm64 | 0.1.1 | 240.00 | 51.00 | 291.00 | OK | |
| r-release-macos-x86_64 | 0.1.1 | 385.00 | 97.00 | 482.00 | OK | |
| r-release-windows-x86_64 | 0.1.1 | 963.00 | 306.00 | 1269.00 | OK | |
| r-oldrel-macos-arm64 | 0.1.1 | 290.00 | 58.00 | 348.00 | NOTE | |
| r-oldrel-macos-x86_64 | 0.1.1 | 463.00 | 129.00 | 592.00 | NOTE | |
| r-oldrel-windows-x86_64 | 0.1.1 | 1084.00 | 423.00 | 1507.00 | NOTE |
Version: 0.1.1
Check: dependencies in R code
Result: NOTE
Namespaces in Imports field not imported from:
‘pracma’ ‘rstantools’
All declared Imports should be used.
Flavors: r-devel-linux-x86_64-fedora-clang, r-devel-linux-x86_64-fedora-gcc
Version: 0.1.1
Check: installed package size
Result: NOTE
installed size is 164.7Mb
sub-directories of 1Mb or more:
libs 164.0Mb
Flavors: r-oldrel-macos-arm64, r-oldrel-macos-x86_64, r-oldrel-windows-x86_64
Version: 0.1.1
Check: for GNU extensions in Makefiles
Result: NOTE
GNU make is a SystemRequirements.
Flavors: r-oldrel-macos-arm64, r-oldrel-macos-x86_64, r-oldrel-windows-x86_64