Last updated on 2023-01-27 20:49:16 CET.
Flavor | Version | Tinstall | Tcheck | Ttotal | Status | Flags |
---|---|---|---|---|---|---|
r-devel-linux-x86_64-debian-clang | 0.1.0 | 828.84 | 267.91 | 1096.75 | NOTE | |
r-devel-linux-x86_64-debian-gcc | 0.1.0 | 754.69 | 230.51 | 985.20 | NOTE | |
r-devel-linux-x86_64-fedora-clang | 0.1.0 | 1427.86 | NOTE | |||
r-devel-linux-x86_64-fedora-gcc | 0.1.0 | 1640.80 | NOTE | |||
r-devel-windows-x86_64 | 0.1.0 | 575.00 | 400.00 | 975.00 | NOTE | |
r-patched-linux-x86_64 | 0.1.0 | 700.67 | 284.88 | 985.55 | NOTE | |
r-release-linux-x86_64 | 0.1.0 | 0.02 | 3.54 | 3.56 | ERROR | |
r-release-macos-arm64 | 0.1.0 | 415.00 | NOTE | |||
r-release-macos-x86_64 | 0.1.0 | 650.00 | NOTE | |||
r-release-windows-x86_64 | 0.1.0 | 536.00 | 386.00 | 922.00 | NOTE | |
r-oldrel-macos-arm64 | 0.1.0 | 457.00 | NOTE | |||
r-oldrel-macos-x86_64 | 0.1.0 | 676.00 | NOTE | |||
r-oldrel-windows-ix86+x86_64 | 0.1.0 | 1829.00 | 590.00 | 2419.00 | NOTE |
Version: 0.1.0
Check: for GNU extensions in Makefiles
Result: NOTE
GNU make is a SystemRequirements.
Flavors: r-devel-linux-x86_64-debian-clang, r-devel-linux-x86_64-debian-gcc, r-devel-linux-x86_64-fedora-clang, r-devel-linux-x86_64-fedora-gcc, r-devel-windows-x86_64, r-patched-linux-x86_64, r-release-macos-arm64, r-release-macos-x86_64, r-release-windows-x86_64, r-oldrel-macos-arm64, r-oldrel-macos-x86_64, r-oldrel-windows-ix86+x86_64
Version: 0.1.0
Check: C++ specification
Result: NOTE
Specified C++14: please update to current default of C++17
Flavors: r-devel-linux-x86_64-debian-gcc, r-devel-linux-x86_64-fedora-gcc
Version: 0.1.0
Check: installed package size
Result: NOTE
installed size is 9.6Mb
sub-directories of 1Mb or more:
libs 8.9Mb
Flavors: r-devel-linux-x86_64-fedora-clang, r-devel-windows-x86_64, r-release-macos-arm64, r-release-macos-x86_64, r-release-windows-x86_64, r-oldrel-macos-arm64, r-oldrel-macos-x86_64, r-oldrel-windows-ix86+x86_64
Version: 0.1.0
Check: dependencies in R code
Result: NOTE
Namespaces in Imports field not imported from:
‘pracma’ ‘rstantools’
All declared Imports should be used.
Flavors: r-devel-linux-x86_64-fedora-clang, r-devel-linux-x86_64-fedora-gcc, r-release-macos-arm64, r-release-macos-x86_64, r-oldrel-macos-arm64, r-oldrel-macos-x86_64
Version: 0.1.0
Check: whether package can be installed
Result: ERROR
Installation failed.
Flavor: r-release-linux-x86_64