Last updated on 2024-07-17 20:57:04 CEST.
Flavor | Version | Tinstall | Tcheck | Ttotal | Status | Flags |
---|---|---|---|---|---|---|
r-devel-linux-x86_64-debian-clang | 3.0 | 2.94 | 31.16 | 34.10 | NOTE | |
r-devel-linux-x86_64-debian-gcc | 3.0 | 1.85 | 23.26 | 25.11 | NOTE | |
r-devel-linux-x86_64-fedora-clang | 3.0 | 42.59 | NOTE | |||
r-devel-linux-x86_64-fedora-gcc | 3.0 | 39.86 | NOTE | |||
r-devel-windows-x86_64 | 3.0 | 4.00 | 44.00 | 48.00 | NOTE | |
r-patched-linux-x86_64 | 3.0 | 2.85 | 29.15 | 32.00 | NOTE | |
r-release-linux-x86_64 | 3.0 | 3.19 | 29.56 | 32.75 | NOTE | |
r-release-macos-arm64 | 3.0 | 16.00 | NOTE | |||
r-release-macos-x86_64 | 3.0 | 24.00 | NOTE | |||
r-release-windows-x86_64 | 3.0 | 4.00 | 44.00 | 48.00 | NOTE | |
r-oldrel-macos-arm64 | 3.0 | 17.00 | NOTE | |||
r-oldrel-macos-x86_64 | 3.0 | 24.00 | NOTE | |||
r-oldrel-windows-x86_64 | 3.0 | 4.00 | 47.00 | 51.00 | NOTE |
Version: 3.0
Check: LazyData
Result: NOTE
'LazyData' is specified without a 'data' directory
Flavors: r-devel-linux-x86_64-debian-clang, r-devel-linux-x86_64-debian-gcc, r-devel-linux-x86_64-fedora-clang, r-devel-linux-x86_64-fedora-gcc, r-devel-windows-x86_64, r-patched-linux-x86_64, r-release-linux-x86_64, r-release-macos-arm64, r-release-macos-x86_64, r-release-windows-x86_64, r-oldrel-macos-arm64, r-oldrel-macos-x86_64, r-oldrel-windows-x86_64