Last updated on 2025-05-09 20:49:55 CEST.
Flavor | Version | Tinstall | Tcheck | Ttotal | Status | Flags |
---|---|---|---|---|---|---|
r-devel-linux-x86_64-debian-clang | 0.9.1 | 6.49 | 43.88 | 50.37 | OK | |
r-devel-linux-x86_64-debian-gcc | 0.9.1 | 5.54 | 37.32 | 42.86 | OK | |
r-devel-linux-x86_64-fedora-clang | 0.9.1 | 82.36 | OK | |||
r-devel-linux-x86_64-fedora-gcc | 0.9.1 | 93.02 | OK | |||
r-devel-windows-x86_64 | 0.9.1 | 13.00 | 82.00 | 95.00 | OK | |
r-patched-linux-x86_64 | 0.9.1 | 7.07 | 41.98 | 49.05 | OK | |
r-release-linux-x86_64 | 0.9.1 | 6.81 | 41.55 | 48.36 | OK | |
r-release-macos-arm64 | 0.9.1 | 59.00 | OK | |||
r-release-macos-x86_64 | 0.9.1 | 88.00 | OK | |||
r-release-windows-x86_64 | 0.9.1 | 14.00 | 88.00 | 102.00 | OK | |
r-oldrel-macos-arm64 | 0.9.1 | 64.00 | OK | |||
r-oldrel-macos-x86_64 | 0.9.1 | 91.00 | OK | |||
r-oldrel-windows-x86_64 | 0.9.1 | 14.00 | 97.00 | 111.00 | WARN |
Version: 0.9.1
Check: whether package can be installed
Result: WARN
Found the following significant warnings:
mod.c:133:6: warning: function declaration isn't a prototype [-Wstrict-prototypes]
See 'd:/Rcompile/CRANpkg/local/4.4/MCSimMod.Rcheck/00install.out' for details.
* used C compiler: 'gcc.exe (GCC) 13.3.0'
Flavor: r-oldrel-windows-x86_64